{"id":122,"date":"2016-01-26T17:33:48","date_gmt":"2016-01-26T16:33:48","guid":{"rendered":"http:\/\/armin-knab-gymnasium.de\/Home\/?page_id=122"},"modified":"2025-07-08T10:03:53","modified_gmt":"2025-07-08T08:03:53","slug":"informatik","status":"publish","type":"page","link":"https:\/\/armin-knab-gymnasium.de\/Home\/unterricht\/fachbereiche\/mint\/informatik\/","title":{"rendered":"Informatik"},"content":{"rendered":"\n<div class=\"ghostkit-tabs\"><div class=\"ghostkit-tabs-buttons ghostkit-tabs-buttons-align-start\" role=\"tablist\" aria-orientation=\"horizontal\"><button id=\"tab-personal-button\" class=\"ghostkit-tabs-buttons-item\" type=\"button\" role=\"tab\" data-tab=\"tab-personal\" aria-controls=\"tab-personal-content\" aria-selected=\"false\">Personal<\/button><button id=\"tab-fachprofil-button\" class=\"ghostkit-tabs-buttons-item ghostkit-tabs-buttons-item-active\" type=\"button\" role=\"tab\" data-tab=\"tab-fachprofil\" aria-controls=\"tab-fachprofil-content\" aria-selected=\"true\">Fachprofil<\/button><button id=\"tab-lehrwerke-button\" class=\"ghostkit-tabs-buttons-item\" type=\"button\" role=\"tab\" data-tab=\"tab-lehrwerke\" aria-controls=\"tab-lehrwerke-content\" aria-selected=\"false\">Lehrwerke<\/button><button id=\"tab-aktuelles-button\" class=\"ghostkit-tabs-buttons-item\" type=\"button\" role=\"tab\" data-tab=\"tab-aktuelles\" aria-controls=\"tab-aktuelles-content\" aria-selected=\"false\">Aktuelles<\/button><\/div><div class=\"ghostkit-tabs-content\">\n<div class=\"ghostkit-tab is-layout-flow wp-block-ghostkit-tabs-tab-v2-is-layout-flow\" tabindex=\"0\" role=\"tabpanel\" aria-labelledby=\"tab-personal-button\" data-tab=\"tab-personal\" id=\"tab-personal-content\">\n<p>Stammlehrkr\u00e4fte:<\/p>\n\n\n\n<ul class=\"wp-block-list\">\n<li>Frau Ei\u00dfner (Fachschaftsleitung)<\/li>\n\n\n\n<li>Frau Hehrlein<\/li>\n\n\n\n<li>Herr Schmidt (Systembetreuung)<\/li>\n<\/ul>\n<\/div>\n\n\n\n<div class=\"ghostkit-tab ghostkit-tab-active is-layout-flow wp-block-ghostkit-tabs-tab-v2-is-layout-flow\" tabindex=\"0\" role=\"tabpanel\" aria-labelledby=\"tab-fachprofil-button\" data-tab=\"tab-fachprofil\" id=\"tab-fachprofil-content\">\n<h1 class=\"wp-block-heading\" id=\"selbstverstandnis-des-faches\">Selbstverst\u00e4ndnis des Faches<\/h1>\n\n\n\n<p>Informations- und Kommunikationstechnologien sind heute sowohl im beruflichen Alltag als auch im Privatleben nicht mehr wegzudenken. Die weltweite Vernetzung erm\u00f6glicht jedem den Zugriff auf eine un\u00fcberschaubare Menge von Daten. Dadurch er\u00f6ffnen sich dem Einzelnen gro\u00dfe Chancen, beispielsweise im Hinblick auf eine schnelle und qualitativ hochwertige Informationsbeschaffung; es ergeben sich gleichzeitig aber auch Risiken, beispielsweise durch m\u00f6glichen Missbrauch von Daten. Somit entsteht ein Spannungsfeld zwischen den Rechten und Interessen der Einzelpersonen, der gesellschaftlichen und ethischen Verantwortung und den m\u00f6glichen Chancen, Risiken und Gefahren.<\/p>\n\n\n\n<p>Das Fach Informatik zeigt den Heranwachsenden Wege, diese allt\u00e4glichen Herausforderungen in unserer global vernetzten Kommunikations- und Informationsgesellschaft angemessen und kompetent zu bew\u00e4ltigen. Aufbauend auf systematischem und zeitbest\u00e4ndigem Basiswissen \u00fcber Funktionsweise und innere Struktur informationstechnischer Systeme erwerben die Sch\u00fclerinnen und Sch\u00fcler im Informatikunterricht ein breit gef\u00e4chertes Kompetenzspektrum. Dieses versetzt sie in die Lage, Informationstechnologie sachgerecht und verantwortungsvoll zu nutzen und zudem deren grunds\u00e4tzliche M\u00f6glichkeiten, Grenzen und Gefahren zu beurteilen. Dar\u00fcber hinaus werden sie bef\u00e4higt, L\u00f6sungen f\u00fcr informatische Problemstellungen selbst\u00e4ndig und im Team zu entwickeln.<\/p>\n\n\n\n<p>Ein kompetenter Umgang mit Information, beispielsweise im Hinblick auf deren Beschaffung, Verarbeitung und Weitergabe, erfordert u. a. eine von der Zielsetzung abh\u00e4ngige, stimmige Strukturierung der Information. Dazu wenden die Kinder und Jugendlichen im Fach Informatik verschiedene Ordnungsprinzipien (z.&nbsp;B. eine Klassifizierung nach gemeinsamen Eigenschaften) und Modellierungstechniken an. Diese Prinzipien k\u00f6nnen dann auch in anderen F\u00e4chern oder Bereichen zielgerichtet eingesetzt werden.<\/p>\n\n\n\n<p>In der Informatik spielt die Modellierung eine zentrale Rolle. Ein entscheidender Aspekt ist dabei die Abstraktion, unter anderem durch Herausarbeitung der f\u00fcr die Aufgabenstellung relevanten Sachverhalte unter Vernachl\u00e4ssigung unwichtiger Aspekte. Das Fach Informatik leistet damit einen wichtigen Beitrag bei der Entwicklung der Abstraktionsf\u00e4higkeit. Gleichzeitig wird aufgrund der beim Modellieren notwendigen Entscheidungsprozesse das Urteilsverm\u00f6gen der Sch\u00fclerinnen und Sch\u00fcler gesch\u00e4rft, da eine Situation von verschiedenen Standpunkten aus unterschiedlich bewertet werden kann. Jedes Modell stellt die Realit\u00e4t nur vereinfacht dar. Aus diesem Grund ist bei allen Anwendungsbeispielen der Informatik eine systematische \u00dcberpr\u00fcfung und kritische Beurteilung der Ergebnisse sowie des gew\u00e4hlten Modells notwendig, was die F\u00e4higkeit zu konstruktiver Kritik f\u00f6rdert.<\/p>\n\n\n\n<p>In Wissenschaft und Wirtschaft werden umfangreiche Aufgabenstellungen in Form von Projekten organisiert. In der Informatik gilt dies insbesondere f\u00fcr den zentralen Bereich der Softwareentwicklung, weswegen im Informatikunterricht die Projektarbeit einen breiten Raum einnimmt. Damit erwerben die Sch\u00fclerinnen und Sch\u00fcler Kompetenzen, die sie auf die Anforderungen der modernen Berufswelt vorbereiten.<\/p>\n\n\n\n<h1 class=\"wp-block-heading\" id=\"fachlehrplane\">Fachlehrpl\u00e4ne<\/h1>\n\n\n\n<p>In den einzelnen Jahrgangsstufen setzen sich die Sch\u00fclerinnen und Sch\u00fcler im Wesentlichen mit den folgenden Fachinhalten auseinander:<\/p>\n\n\n\n<ul class=\"wp-block-list\">\n<li><em>Jahrgangsstufen 6 und 7 (Informatikunterricht im Rahmen von Natur und Technik)<\/em>Objektorientierte Analyse von Standardsoftware und deren Anwendung, Umgang mit Textverarbeitungs- und Pr\u00e4sentationsprogrammen, Hierarchische Dateistrukturen, Hyperlinkstrukturen, Einstieg in die Algorithmik<\/li>\n\n\n\n<li><em>Jahrgangsstufen 9 und<\/em><em> 10 (nur im naturwissenschaftlich-technologischen Zweig)<br><\/em>Funktionale Modellierung und Arbeiten mit Tabellenkalkulationssystemen; Datenmodellierung und Arbeiten mit Datenbanksystemen, Datenschutz; Analysieren, Modellieren und Implementieren in einer objektorientierten Programmiersprache wie beispielsweise Java, Vertiefung der Algorithmik<\/li>\n\n\n\n<li><em>Jahrgangsstufe 11<br><\/em>sp\u00e4tbeginnende Informatik im sprachlichen Zweig: Wiederholung und Vertiefung der Algorithmik unter Verwendung einer visuellen, blockbasierten Programmiersprache<br>Informatik im naturwissenschaftlich-technologischen Zweig: Vertiefung der objektorientierten Sichtweise, Graph als dynamische Datenstruktur<br>beide Zweige: Codierung und Verschl\u00fcsselung, Kommunikation in Netzwerken, Verfahren der K\u00fcnstlichen Intelligenz<br>[aus dem <a href=\"http:\/\/www.lehrplanplus.bayern.de\/fachprofil\/gymnasium\/informatik\" target=\"_blank\" rel=\"noreferrer noopener\">LehrplanPLUS <\/a>f\u00fcr das Gymnasium]<\/li>\n<\/ul>\n<\/div>\n\n\n\n<div class=\"ghostkit-tab is-layout-flow wp-block-ghostkit-tabs-tab-v2-is-layout-flow\" tabindex=\"0\" role=\"tabpanel\" aria-labelledby=\"tab-lehrwerke-button\" data-tab=\"tab-lehrwerke\" id=\"tab-lehrwerke-content\">\n<p>Wir verwenden im G9 ab der 9. Klasse die Lehrwerke von Cornelsen (Oldenbourg).<\/p>\n<\/div>\n\n\n\n<div class=\"ghostkit-tab is-layout-flow wp-block-ghostkit-tabs-tab-v2-is-layout-flow\" tabindex=\"0\" role=\"tabpanel\" aria-labelledby=\"tab-aktuelles-button\" data-tab=\"tab-aktuelles\" id=\"tab-aktuelles-content\">\n\n\n<div class=\"su-posts su-posts-default-loop \">\n\n\t\n\t\t\t\t\t\n\t\t\t\n\t\t\t<div id=\"su-post-16394\" class=\"su-post \">\n\n\t\t\t\t\t\t\t\t\t<a class=\"su-post-thumbnail\" href=\"https:\/\/armin-knab-gymnasium.de\/Home\/2024\/07\/03\/erfolge-bei-informatikwettbewerben\/\"><img loading=\"lazy\" decoding=\"async\" width=\"624\" height=\"379\" src=\"https:\/\/armin-knab-gymnasium.de\/Home\/wp-content\/uploads\/2024\/07\/Siegerehrung--624x379.jpg\" class=\"attachment-post-thumbnail size-post-thumbnail wp-post-image\" alt=\"\" srcset=\"https:\/\/armin-knab-gymnasium.de\/Home\/wp-content\/uploads\/2024\/07\/Siegerehrung--624x379.jpg 624w, https:\/\/armin-knab-gymnasium.de\/Home\/wp-content\/uploads\/2024\/07\/Siegerehrung--300x182.jpg 300w, https:\/\/armin-knab-gymnasium.de\/Home\/wp-content\/uploads\/2024\/07\/Siegerehrung--1024x621.jpg 1024w, https:\/\/armin-knab-gymnasium.de\/Home\/wp-content\/uploads\/2024\/07\/Siegerehrung--768x466.jpg 768w, https:\/\/armin-knab-gymnasium.de\/Home\/wp-content\/uploads\/2024\/07\/Siegerehrung--1536x932.jpg 1536w, https:\/\/armin-knab-gymnasium.de\/Home\/wp-content\/uploads\/2024\/07\/Siegerehrung--2048x1242.jpg 2048w\" sizes=\"auto, (max-width: 624px) 100vw, 624px\" \/><\/a>\n\t\t\t\t\n\t\t\t\t<h2 class=\"su-post-title\"><a href=\"https:\/\/armin-knab-gymnasium.de\/Home\/2024\/07\/03\/erfolge-bei-informatikwettbewerben\/\">Erfolge bei Informatikwettbewerben<\/a><\/h2>\n\n\t\t\t\t<div class=\"su-post-meta\">\n\t\t\t\t\tVer\u00f6ffentlicht: 3. Juli 2024\t\t\t\t<\/div>\n\n\t\t\t\t<div class=\"su-post-excerpt\">\n\t\t\t\t\t<p>Dieses Schuljahr hat das AKG mit fast 600 Sch\u00fclerinnen und Sch\u00fclern am Informatik-Biber-Wettbewerb teilgenommen, darunter waren 35 Preistr\u00e4ger.Vier davon haben sich daraufhin an die Aufgaben des Jugendwettbewerbs Informatik gewagt: Amrei&#8230; <a href=\"https:\/\/armin-knab-gymnasium.de\/Home\/2024\/07\/03\/erfolge-bei-informatikwettbewerben\/\">weiterlesen &raquo;<\/a><\/p>\n\t\t\t\t<\/div>\n\n\t\t\t\t\n\t\t\t<\/div>\n\n\t\t\t\t\t\n\t\t\t\n\t\t\t<div id=\"su-post-5990\" class=\"su-post \">\n\n\t\t\t\t\t\t\t\t\t<a class=\"su-post-thumbnail\" href=\"https:\/\/armin-knab-gymnasium.de\/Home\/2019\/10\/08\/an-bord-der-ms-wissenschaft\/\"><img loading=\"lazy\" decoding=\"async\" width=\"624\" height=\"468\" src=\"https:\/\/armin-knab-gymnasium.de\/Home\/wp-content\/uploads\/2019\/10\/IMG_20191001_090328-624x468.jpg\" class=\"attachment-post-thumbnail size-post-thumbnail wp-post-image\" alt=\"\" srcset=\"https:\/\/armin-knab-gymnasium.de\/Home\/wp-content\/uploads\/2019\/10\/IMG_20191001_090328-624x468.jpg 624w, https:\/\/armin-knab-gymnasium.de\/Home\/wp-content\/uploads\/2019\/10\/IMG_20191001_090328-300x225.jpg 300w, https:\/\/armin-knab-gymnasium.de\/Home\/wp-content\/uploads\/2019\/10\/IMG_20191001_090328-768x576.jpg 768w, https:\/\/armin-knab-gymnasium.de\/Home\/wp-content\/uploads\/2019\/10\/IMG_20191001_090328-1024x768.jpg 1024w, https:\/\/armin-knab-gymnasium.de\/Home\/wp-content\/uploads\/2019\/10\/IMG_20191001_090328-240x180.jpg 240w\" sizes=\"auto, (max-width: 624px) 100vw, 624px\" \/><\/a>\n\t\t\t\t\n\t\t\t\t<h2 class=\"su-post-title\"><a href=\"https:\/\/armin-knab-gymnasium.de\/Home\/2019\/10\/08\/an-bord-der-ms-wissenschaft\/\">An Bord der MS Wissenschaft<\/a><\/h2>\n\n\t\t\t\t<div class=\"su-post-meta\">\n\t\t\t\t\tVer\u00f6ffentlicht: 8. Oktober 2019\t\t\t\t<\/div>\n\n\t\t\t\t<div class=\"su-post-excerpt\">\n\t\t\t\t\t<p>Zu einer f\u00e4cherverbindenden Exkursion in den F\u00e4chern Deutsch und Informatik gingen die Sch\u00fclerinnen und Sch\u00fcler der Klasse 9C mit ihren Lehrkr\u00e4ften Michaela Lindner-Berndt und Julian Schmidt am 1. Oktober an&#8230; <a href=\"https:\/\/armin-knab-gymnasium.de\/Home\/2019\/10\/08\/an-bord-der-ms-wissenschaft\/\">weiterlesen &raquo;<\/a><\/p>\n\t\t\t\t<\/div>\n\n\t\t\t\t\n\t\t\t<\/div>\n\n\t\t\t\t\t\n\t\t\t\n\t\t\t<div id=\"su-post-5433\" class=\"su-post \">\n\n\t\t\t\t\t\t\t\t\t<a class=\"su-post-thumbnail\" href=\"https:\/\/armin-knab-gymnasium.de\/Home\/2019\/05\/29\/smart-city-selbstfahrende-roboter-transportieren-passagiere\/\"><img loading=\"lazy\" decoding=\"async\" width=\"624\" height=\"431\" src=\"https:\/\/armin-knab-gymnasium.de\/Home\/wp-content\/uploads\/2019\/05\/20190511_WRO_Schweinfurt_AKG_2-624x431.jpg\" class=\"attachment-post-thumbnail size-post-thumbnail wp-post-image\" alt=\"\" srcset=\"https:\/\/armin-knab-gymnasium.de\/Home\/wp-content\/uploads\/2019\/05\/20190511_WRO_Schweinfurt_AKG_2-624x431.jpg 624w, https:\/\/armin-knab-gymnasium.de\/Home\/wp-content\/uploads\/2019\/05\/20190511_WRO_Schweinfurt_AKG_2-300x207.jpg 300w, https:\/\/armin-knab-gymnasium.de\/Home\/wp-content\/uploads\/2019\/05\/20190511_WRO_Schweinfurt_AKG_2-768x530.jpg 768w, https:\/\/armin-knab-gymnasium.de\/Home\/wp-content\/uploads\/2019\/05\/20190511_WRO_Schweinfurt_AKG_2-1024x707.jpg 1024w, https:\/\/armin-knab-gymnasium.de\/Home\/wp-content\/uploads\/2019\/05\/20190511_WRO_Schweinfurt_AKG_2.jpg 1514w\" sizes=\"auto, (max-width: 624px) 100vw, 624px\" \/><\/a>\n\t\t\t\t\n\t\t\t\t<h2 class=\"su-post-title\"><a href=\"https:\/\/armin-knab-gymnasium.de\/Home\/2019\/05\/29\/smart-city-selbstfahrende-roboter-transportieren-passagiere\/\">Smart City \u2013 Selbstfahrende Roboter transportieren Passagiere<\/a><\/h2>\n\n\t\t\t\t<div class=\"su-post-meta\">\n\t\t\t\t\tVer\u00f6ffentlicht: 29. Mai 2019\t\t\t\t<\/div>\n\n\t\t\t\t<div class=\"su-post-excerpt\">\n\t\t\t\t\t<p>2. Platz f\u00fcr das AKG bei der WorldRobotOlympiad Kitzingen \/ Schweinfurt. Selbstfahrende Autos werden von der Industrie inzwischen im Realverkehr getestet. Bei der World Robot Olympiad (WRO) in Schweinfurt hatten&#8230; <a href=\"https:\/\/armin-knab-gymnasium.de\/Home\/2019\/05\/29\/smart-city-selbstfahrende-roboter-transportieren-passagiere\/\">weiterlesen &raquo;<\/a><\/p>\n\t\t\t\t<\/div>\n\n\t\t\t\t\n\t\t\t<\/div>\n\n\t\t\t\t\t\n\t\t\t\n\t\t\t<div id=\"su-post-5322\" class=\"su-post \">\n\n\t\t\t\t\t\t\t\t\t<a class=\"su-post-thumbnail\" href=\"https:\/\/armin-knab-gymnasium.de\/Home\/2019\/04\/10\/informatik-biber-2018\/\"><img loading=\"lazy\" decoding=\"async\" width=\"624\" height=\"529\" src=\"https:\/\/armin-knab-gymnasium.de\/Home\/wp-content\/uploads\/2019\/04\/Biber-2018-Poster-Web-gross-e1554879403555-624x529.jpg\" class=\"attachment-post-thumbnail size-post-thumbnail wp-post-image\" alt=\"\" srcset=\"https:\/\/armin-knab-gymnasium.de\/Home\/wp-content\/uploads\/2019\/04\/Biber-2018-Poster-Web-gross-e1554879403555-624x529.jpg 624w, https:\/\/armin-knab-gymnasium.de\/Home\/wp-content\/uploads\/2019\/04\/Biber-2018-Poster-Web-gross-e1554879403555-300x255.jpg 300w, https:\/\/armin-knab-gymnasium.de\/Home\/wp-content\/uploads\/2019\/04\/Biber-2018-Poster-Web-gross-e1554879403555-768x652.jpg 768w, https:\/\/armin-knab-gymnasium.de\/Home\/wp-content\/uploads\/2019\/04\/Biber-2018-Poster-Web-gross-e1554879403555-1024x869.jpg 1024w, https:\/\/armin-knab-gymnasium.de\/Home\/wp-content\/uploads\/2019\/04\/Biber-2018-Poster-Web-gross-e1554879403555.jpg 1194w\" sizes=\"auto, (max-width: 624px) 100vw, 624px\" \/><\/a>\n\t\t\t\t\n\t\t\t\t<h2 class=\"su-post-title\"><a href=\"https:\/\/armin-knab-gymnasium.de\/Home\/2019\/04\/10\/informatik-biber-2018\/\">Informatik-Biber 2018<\/a><\/h2>\n\n\t\t\t\t<div class=\"su-post-meta\">\n\t\t\t\t\tVer\u00f6ffentlicht: 10. April 2019\t\t\t\t<\/div>\n\n\t\t\t\t<div class=\"su-post-excerpt\">\n\t\t\t\t\t<p>Vom 05.11.2018 bis zum 16.11.2018 haben die Sch\u00fclerinnen und Sch\u00fcler begeistert am Wettbewerb &#8222;Informatik-Biber&#8220; teilgenommen. Dabei haben wir 6 erste Pl\u00e4tze, 5 zweite Pl\u00e4tze, und 96 dritte Pl\u00e4tze erreicht. Die&#8230; <a href=\"https:\/\/armin-knab-gymnasium.de\/Home\/2019\/04\/10\/informatik-biber-2018\/\">weiterlesen &raquo;<\/a><\/p>\n\t\t\t\t<\/div>\n\n\t\t\t\t\n\t\t\t<\/div>\n\n\t\t\t\t\t\n\t\t\t\n\t\t\t<div id=\"su-post-4254\" class=\"su-post \">\n\n\t\t\t\t\t\t\t\t\t<a class=\"su-post-thumbnail\" href=\"https:\/\/armin-knab-gymnasium.de\/Home\/2018\/05\/18\/worldrobotolympiad-2018\/\"><img loading=\"lazy\" decoding=\"async\" width=\"624\" height=\"452\" src=\"https:\/\/armin-knab-gymnasium.de\/Home\/wp-content\/uploads\/2018\/05\/20180517_WRO_2018_3-624x452.jpg\" class=\"attachment-post-thumbnail size-post-thumbnail wp-post-image\" alt=\"\" srcset=\"https:\/\/armin-knab-gymnasium.de\/Home\/wp-content\/uploads\/2018\/05\/20180517_WRO_2018_3-624x452.jpg 624w, https:\/\/armin-knab-gymnasium.de\/Home\/wp-content\/uploads\/2018\/05\/20180517_WRO_2018_3-300x218.jpg 300w, https:\/\/armin-knab-gymnasium.de\/Home\/wp-content\/uploads\/2018\/05\/20180517_WRO_2018_3-768x557.jpg 768w, https:\/\/armin-knab-gymnasium.de\/Home\/wp-content\/uploads\/2018\/05\/20180517_WRO_2018_3-1024x742.jpg 1024w, https:\/\/armin-knab-gymnasium.de\/Home\/wp-content\/uploads\/2018\/05\/20180517_WRO_2018_3.jpg 1600w\" sizes=\"auto, (max-width: 624px) 100vw, 624px\" \/><\/a>\n\t\t\t\t\n\t\t\t\t<h2 class=\"su-post-title\"><a href=\"https:\/\/armin-knab-gymnasium.de\/Home\/2018\/05\/18\/worldrobotolympiad-2018\/\">AKG startet bei WorldRobotOlympiad 2018<\/a><\/h2>\n\n\t\t\t\t<div class=\"su-post-meta\">\n\t\t\t\t\tVer\u00f6ffentlicht: 18. Mai 2018\t\t\t\t<\/div>\n\n\t\t\t\t<div class=\"su-post-excerpt\">\n\t\t\t\t\t<p>Drei Sch\u00fcler des Armin-Knab-Gymnasiums nahmen im Mai 2018 zum ersten Mal an der World Robot Olympiad (WRO) in Schweinfurt teil. Die WRO ist ein internationaler Roboterwettbewerb, der das Ziel hat,&#8230; <a href=\"https:\/\/armin-knab-gymnasium.de\/Home\/2018\/05\/18\/worldrobotolympiad-2018\/\">weiterlesen &raquo;<\/a><\/p>\n\t\t\t\t<\/div>\n\n\t\t\t\t\n\t\t\t<\/div>\n\n\t\t\n\t\n<\/div>\n\n<\/div>\n<\/div><\/div>\n\n\n\n<p><\/p>\n","protected":false},"excerpt":{"rendered":"","protected":false},"author":10,"featured_media":0,"parent":3051,"menu_order":0,"comment_status":"closed","ping_status":"closed","template":"","meta":{"ghostkit_customizer_options":"","ghostkit_custom_css":"","ghostkit_custom_js_head":"","ghostkit_custom_js_foot":"","ghostkit_typography":"","footnotes":""},"coauthors":[38,37],"class_list":["post-122","page","type-page","status-publish","hentry"],"yoast_head":"<!-- This site is optimized with the Yoast SEO plugin v27.4 - https:\/\/yoast.com\/product\/yoast-seo-wordpress\/ -->\n<title>Informatik - Armin-Knab-Gymnasium Kitzingen<\/title>\n<meta name=\"robots\" content=\"index, follow, max-snippet:-1, max-image-preview:large, max-video-preview:-1\" \/>\n<link rel=\"canonical\" href=\"https:\/\/armin-knab-gymnasium.de\/Home\/unterricht\/fachbereiche\/mint\/informatik\/\" \/>\n<meta property=\"og:locale\" content=\"de_DE\" \/>\n<meta property=\"og:type\" content=\"article\" \/>\n<meta property=\"og:title\" content=\"Informatik - Armin-Knab-Gymnasium Kitzingen\" \/>\n<meta property=\"og:url\" content=\"https:\/\/armin-knab-gymnasium.de\/Home\/unterricht\/fachbereiche\/mint\/informatik\/\" \/>\n<meta property=\"og:site_name\" content=\"Armin-Knab-Gymnasium Kitzingen\" \/>\n<meta property=\"article:modified_time\" content=\"2025-07-08T08:03:53+00:00\" \/>\n<meta name=\"twitter:card\" content=\"summary_large_image\" \/>\n<meta name=\"twitter:label1\" content=\"Gesch\u00e4tzte Lesezeit\" \/>\n\t<meta name=\"twitter:data1\" content=\"4\u00a0Minuten\" \/>\n\t<meta name=\"twitter:label2\" content=\"Written by\" \/>\n\t<meta name=\"twitter:data2\" content=\"Tilo Hemmert\" \/>\n<script type=\"application\/ld+json\" class=\"yoast-schema-graph\">{\"@context\":\"https:\\\/\\\/schema.org\",\"@graph\":[{\"@type\":\"WebPage\",\"@id\":\"https:\\\/\\\/armin-knab-gymnasium.de\\\/Home\\\/unterricht\\\/fachbereiche\\\/mint\\\/informatik\\\/\",\"url\":\"https:\\\/\\\/armin-knab-gymnasium.de\\\/Home\\\/unterricht\\\/fachbereiche\\\/mint\\\/informatik\\\/\",\"name\":\"Informatik - Armin-Knab-Gymnasium Kitzingen\",\"isPartOf\":{\"@id\":\"https:\\\/\\\/armin-knab-gymnasium.de\\\/Home\\\/#website\"},\"datePublished\":\"2016-01-26T16:33:48+00:00\",\"dateModified\":\"2025-07-08T08:03:53+00:00\",\"breadcrumb\":{\"@id\":\"https:\\\/\\\/armin-knab-gymnasium.de\\\/Home\\\/unterricht\\\/fachbereiche\\\/mint\\\/informatik\\\/#breadcrumb\"},\"inLanguage\":\"de\",\"potentialAction\":[{\"@type\":\"ReadAction\",\"target\":[\"https:\\\/\\\/armin-knab-gymnasium.de\\\/Home\\\/unterricht\\\/fachbereiche\\\/mint\\\/informatik\\\/\"]}]},{\"@type\":\"BreadcrumbList\",\"@id\":\"https:\\\/\\\/armin-knab-gymnasium.de\\\/Home\\\/unterricht\\\/fachbereiche\\\/mint\\\/informatik\\\/#breadcrumb\",\"itemListElement\":[{\"@type\":\"ListItem\",\"position\":1,\"name\":\"Startseite\",\"item\":\"https:\\\/\\\/armin-knab-gymnasium.de\\\/Home\\\/\"},{\"@type\":\"ListItem\",\"position\":2,\"name\":\"Unterricht\",\"item\":\"https:\\\/\\\/armin-knab-gymnasium.de\\\/Home\\\/unterricht\\\/\"},{\"@type\":\"ListItem\",\"position\":3,\"name\":\"F\u00e4cher\",\"item\":\"https:\\\/\\\/armin-knab-gymnasium.de\\\/Home\\\/unterricht\\\/fachbereiche\\\/\"},{\"@type\":\"ListItem\",\"position\":4,\"name\":\"MINT\",\"item\":\"https:\\\/\\\/armin-knab-gymnasium.de\\\/Home\\\/unterricht\\\/fachbereiche\\\/mint\\\/\"},{\"@type\":\"ListItem\",\"position\":5,\"name\":\"Informatik\"}]},{\"@type\":\"WebSite\",\"@id\":\"https:\\\/\\\/armin-knab-gymnasium.de\\\/Home\\\/#website\",\"url\":\"https:\\\/\\\/armin-knab-gymnasium.de\\\/Home\\\/\",\"name\":\"Armin-Knab-Gymnasium Kitzingen\",\"description\":\"Naturwissenschaftlich-technologisches und sprachliches Gymnasium\",\"publisher\":{\"@id\":\"https:\\\/\\\/armin-knab-gymnasium.de\\\/Home\\\/#organization\"},\"potentialAction\":[{\"@type\":\"SearchAction\",\"target\":{\"@type\":\"EntryPoint\",\"urlTemplate\":\"https:\\\/\\\/armin-knab-gymnasium.de\\\/Home\\\/?s={search_term_string}\"},\"query-input\":{\"@type\":\"PropertyValueSpecification\",\"valueRequired\":true,\"valueName\":\"search_term_string\"}}],\"inLanguage\":\"de\"},{\"@type\":\"Organization\",\"@id\":\"https:\\\/\\\/armin-knab-gymnasium.de\\\/Home\\\/#organization\",\"name\":\"Armin-Knab-Gymnasium Kitzingen\",\"url\":\"https:\\\/\\\/armin-knab-gymnasium.de\\\/Home\\\/\",\"logo\":{\"@type\":\"ImageObject\",\"inLanguage\":\"de\",\"@id\":\"https:\\\/\\\/armin-knab-gymnasium.de\\\/Home\\\/#\\\/schema\\\/logo\\\/image\\\/\",\"url\":\"https:\\\/\\\/armin-knab-gymnasium.de\\\/Home\\\/wp-content\\\/uploads\\\/2016\\\/11\\\/LogoIcon.png\",\"contentUrl\":\"https:\\\/\\\/armin-knab-gymnasium.de\\\/Home\\\/wp-content\\\/uploads\\\/2016\\\/11\\\/LogoIcon.png\",\"width\":512,\"height\":512,\"caption\":\"Armin-Knab-Gymnasium Kitzingen\"},\"image\":{\"@id\":\"https:\\\/\\\/armin-knab-gymnasium.de\\\/Home\\\/#\\\/schema\\\/logo\\\/image\\\/\"}}]}<\/script>\n<!-- \/ Yoast SEO plugin. -->","yoast_head_json":{"title":"Informatik - Armin-Knab-Gymnasium Kitzingen","robots":{"index":"index","follow":"follow","max-snippet":"max-snippet:-1","max-image-preview":"max-image-preview:large","max-video-preview":"max-video-preview:-1"},"canonical":"https:\/\/armin-knab-gymnasium.de\/Home\/unterricht\/fachbereiche\/mint\/informatik\/","og_locale":"de_DE","og_type":"article","og_title":"Informatik - Armin-Knab-Gymnasium Kitzingen","og_url":"https:\/\/armin-knab-gymnasium.de\/Home\/unterricht\/fachbereiche\/mint\/informatik\/","og_site_name":"Armin-Knab-Gymnasium Kitzingen","article_modified_time":"2025-07-08T08:03:53+00:00","twitter_card":"summary_large_image","twitter_misc":{"Gesch\u00e4tzte Lesezeit":"4\u00a0Minuten","Written by":"Tilo Hemmert"},"schema":{"@context":"https:\/\/schema.org","@graph":[{"@type":"WebPage","@id":"https:\/\/armin-knab-gymnasium.de\/Home\/unterricht\/fachbereiche\/mint\/informatik\/","url":"https:\/\/armin-knab-gymnasium.de\/Home\/unterricht\/fachbereiche\/mint\/informatik\/","name":"Informatik - Armin-Knab-Gymnasium Kitzingen","isPartOf":{"@id":"https:\/\/armin-knab-gymnasium.de\/Home\/#website"},"datePublished":"2016-01-26T16:33:48+00:00","dateModified":"2025-07-08T08:03:53+00:00","breadcrumb":{"@id":"https:\/\/armin-knab-gymnasium.de\/Home\/unterricht\/fachbereiche\/mint\/informatik\/#breadcrumb"},"inLanguage":"de","potentialAction":[{"@type":"ReadAction","target":["https:\/\/armin-knab-gymnasium.de\/Home\/unterricht\/fachbereiche\/mint\/informatik\/"]}]},{"@type":"BreadcrumbList","@id":"https:\/\/armin-knab-gymnasium.de\/Home\/unterricht\/fachbereiche\/mint\/informatik\/#breadcrumb","itemListElement":[{"@type":"ListItem","position":1,"name":"Startseite","item":"https:\/\/armin-knab-gymnasium.de\/Home\/"},{"@type":"ListItem","position":2,"name":"Unterricht","item":"https:\/\/armin-knab-gymnasium.de\/Home\/unterricht\/"},{"@type":"ListItem","position":3,"name":"F\u00e4cher","item":"https:\/\/armin-knab-gymnasium.de\/Home\/unterricht\/fachbereiche\/"},{"@type":"ListItem","position":4,"name":"MINT","item":"https:\/\/armin-knab-gymnasium.de\/Home\/unterricht\/fachbereiche\/mint\/"},{"@type":"ListItem","position":5,"name":"Informatik"}]},{"@type":"WebSite","@id":"https:\/\/armin-knab-gymnasium.de\/Home\/#website","url":"https:\/\/armin-knab-gymnasium.de\/Home\/","name":"Armin-Knab-Gymnasium Kitzingen","description":"Naturwissenschaftlich-technologisches und sprachliches Gymnasium","publisher":{"@id":"https:\/\/armin-knab-gymnasium.de\/Home\/#organization"},"potentialAction":[{"@type":"SearchAction","target":{"@type":"EntryPoint","urlTemplate":"https:\/\/armin-knab-gymnasium.de\/Home\/?s={search_term_string}"},"query-input":{"@type":"PropertyValueSpecification","valueRequired":true,"valueName":"search_term_string"}}],"inLanguage":"de"},{"@type":"Organization","@id":"https:\/\/armin-knab-gymnasium.de\/Home\/#organization","name":"Armin-Knab-Gymnasium Kitzingen","url":"https:\/\/armin-knab-gymnasium.de\/Home\/","logo":{"@type":"ImageObject","inLanguage":"de","@id":"https:\/\/armin-knab-gymnasium.de\/Home\/#\/schema\/logo\/image\/","url":"https:\/\/armin-knab-gymnasium.de\/Home\/wp-content\/uploads\/2016\/11\/LogoIcon.png","contentUrl":"https:\/\/armin-knab-gymnasium.de\/Home\/wp-content\/uploads\/2016\/11\/LogoIcon.png","width":512,"height":512,"caption":"Armin-Knab-Gymnasium Kitzingen"},"image":{"@id":"https:\/\/armin-knab-gymnasium.de\/Home\/#\/schema\/logo\/image\/"}}]}},"publishpress_future_action":{"enabled":false,"date":"2026-04-21 22:09:46","action":"change-status","newStatus":"draft","terms":[],"taxonomy":"author","extraData":[]},"publishpress_future_workflow_manual_trigger":{"enabledWorkflows":[]},"_links":{"self":[{"href":"https:\/\/armin-knab-gymnasium.de\/Home\/wp-json\/wp\/v2\/pages\/122","targetHints":{"allow":["GET"]}}],"collection":[{"href":"https:\/\/armin-knab-gymnasium.de\/Home\/wp-json\/wp\/v2\/pages"}],"about":[{"href":"https:\/\/armin-knab-gymnasium.de\/Home\/wp-json\/wp\/v2\/types\/page"}],"author":[{"embeddable":true,"href":"https:\/\/armin-knab-gymnasium.de\/Home\/wp-json\/wp\/v2\/users\/10"}],"replies":[{"embeddable":true,"href":"https:\/\/armin-knab-gymnasium.de\/Home\/wp-json\/wp\/v2\/comments?post=122"}],"version-history":[{"count":24,"href":"https:\/\/armin-knab-gymnasium.de\/Home\/wp-json\/wp\/v2\/pages\/122\/revisions"}],"predecessor-version":[{"id":17330,"href":"https:\/\/armin-knab-gymnasium.de\/Home\/wp-json\/wp\/v2\/pages\/122\/revisions\/17330"}],"up":[{"embeddable":true,"href":"https:\/\/armin-knab-gymnasium.de\/Home\/wp-json\/wp\/v2\/pages\/3051"}],"wp:attachment":[{"href":"https:\/\/armin-knab-gymnasium.de\/Home\/wp-json\/wp\/v2\/media?parent=122"}],"wp:term":[{"taxonomy":"author","embeddable":true,"href":"https:\/\/armin-knab-gymnasium.de\/Home\/wp-json\/wp\/v2\/coauthors?post=122"}],"curies":[{"name":"wp","href":"https:\/\/api.w.org\/{rel}","templated":true}]}}