{"id":1276,"date":"2017-10-02T20:35:57","date_gmt":"2017-10-02T18:35:57","guid":{"rendered":"http:\/\/armin-knab-gymnasium.de\/Home\/?page_id=1276"},"modified":"2026-03-05T11:07:32","modified_gmt":"2026-03-05T10:07:32","slug":"ethik","status":"publish","type":"page","link":"https:\/\/armin-knab-gymnasium.de\/Home\/unterricht\/fachbereiche\/geisteswissenschaftlich\/ethik\/","title":{"rendered":"Ethik"},"content":{"rendered":"\n<div class=\"ghostkit-tabs\"><div class=\"ghostkit-tabs-buttons ghostkit-tabs-buttons-align-start\" role=\"tablist\" aria-orientation=\"horizontal\"><button id=\"tab-personal-button\" class=\"ghostkit-tabs-buttons-item ghostkit-tabs-buttons-item-active\" type=\"button\" role=\"tab\" data-tab=\"tab-personal\" aria-controls=\"tab-personal-content\" aria-selected=\"true\">Personal<\/button><button id=\"tab-fachprofil-button\" class=\"ghostkit-tabs-buttons-item\" type=\"button\" role=\"tab\" data-tab=\"tab-fachprofil\" aria-controls=\"tab-fachprofil-content\" aria-selected=\"false\">Fachprofil<\/button><button id=\"tab-lehrwerke-button\" class=\"ghostkit-tabs-buttons-item\" type=\"button\" role=\"tab\" data-tab=\"tab-lehrwerke\" aria-controls=\"tab-lehrwerke-content\" aria-selected=\"false\">Lehrwerke<\/button><button id=\"tab-aktuelles-button\" class=\"ghostkit-tabs-buttons-item\" type=\"button\" role=\"tab\" data-tab=\"tab-aktuelles\" aria-controls=\"tab-aktuelles-content\" aria-selected=\"false\">Aktuelles<\/button><\/div><div class=\"ghostkit-tabs-content\">\n<div class=\"ghostkit-tab ghostkit-tab-active is-layout-flow wp-block-ghostkit-tabs-tab-v2-is-layout-flow\" tabindex=\"0\" role=\"tabpanel\" aria-labelledby=\"tab-personal-button\" data-tab=\"tab-personal\" id=\"tab-personal-content\">\n<ul class=\"wp-block-list\">\n<li>Frau Bondonno<\/li>\n\n\n\n<li>Herr Bronnhuber (St\u00e4ndiger Ansprechpartner Ethik)<\/li>\n\n\n\n<li>Frau Kn\u00fcpfer<\/li>\n\n\n\n<li>Frau Steinmetz<\/li>\n<\/ul>\n<\/div>\n\n\n\n<div class=\"ghostkit-tab is-layout-flow wp-block-ghostkit-tabs-tab-v2-is-layout-flow\" tabindex=\"0\" role=\"tabpanel\" aria-labelledby=\"tab-fachprofil-button\" data-tab=\"tab-fachprofil\" id=\"tab-fachprofil-content\">\n<p>Moralische Orientierung in einem von Toleranz gepr\u00e4gten Miteinander erm\u00f6glichen: das ist -kurz gefasst- der Anspruch des Ethikunterrichts. Er ist Pflichtfach f\u00fcr Sch\u00fclerinnen und Sch\u00fcler, die nicht an einem Religionsunterricht teilnehmen und ber\u00fccksichtigt die Pluralit\u00e4t der Bekenntnisse und Weltanschauungen.<\/p>\n\n\n\n<p><a href=\"http:\/\/www.isb-gym8-lehrplan.de\/contentserv\/3.1.neu\/g8.de\/index.php?StoryID=26356\">Mehr erfahren im Lehrplan (G8)<\/a><\/p>\n\n\n\n<p><a href=\"http:\/\/www.lehrplanplus.bayern.de\/fachprofil\/gymnasium\/ethik\">Mehr erfahren im LehrplanPLUS (G9)<\/a><\/p>\n<\/div>\n\n\n\n<div class=\"ghostkit-tab is-layout-flow wp-block-ghostkit-tabs-tab-v2-is-layout-flow\" tabindex=\"0\" role=\"tabpanel\" aria-labelledby=\"tab-lehrwerke-button\" data-tab=\"tab-lehrwerke\" id=\"tab-lehrwerke-content\">\n<p>Im Rahmen des Lehrplan PLUS stehen lernmittelfrei folgende Werke zur Verf\u00fcgung: In den Jahrgangsstufen 5 mit 10 ist &nbsp;das Unterrichtswerk &#8222;ethikos&#8220; (Cornelsen-Verlag) vorgesehen. Ab der Jahrgangsstufe 11 kommt &#8222;Ethik in der Oberstufe&#8220; (Buchners-Verlag) zum Einsatz.<\/p>\n<\/div>\n\n\n\n<div class=\"ghostkit-tab is-layout-flow wp-block-ghostkit-tabs-tab-v2-is-layout-flow\" tabindex=\"0\" role=\"tabpanel\" aria-labelledby=\"tab-aktuelles-button\" data-tab=\"tab-aktuelles\" id=\"tab-aktuelles-content\">\n\n\n<div class=\"su-posts su-posts-default-loop \">\n\n\t\n\t\t\t\t\t\n\t\t\t\n\t\t\t<div id=\"su-post-17886\" class=\"su-post \">\n\n\t\t\t\t\t\t\t\t\t<a class=\"su-post-thumbnail\" href=\"https:\/\/armin-knab-gymnasium.de\/Home\/2026\/03\/20\/die-welle-ein-theaterstueck-das-weiter-geht\/\"><img loading=\"lazy\" decoding=\"async\" width=\"624\" height=\"377\" src=\"https:\/\/armin-knab-gymnasium.de\/Home\/wp-content\/uploads\/2026\/03\/DSC_0074-1-624x377.jpg\" class=\"attachment-post-thumbnail size-post-thumbnail wp-post-image\" alt=\"\" srcset=\"https:\/\/armin-knab-gymnasium.de\/Home\/wp-content\/uploads\/2026\/03\/DSC_0074-1-624x377.jpg 624w, https:\/\/armin-knab-gymnasium.de\/Home\/wp-content\/uploads\/2026\/03\/DSC_0074-1-300x181.jpg 300w, https:\/\/armin-knab-gymnasium.de\/Home\/wp-content\/uploads\/2026\/03\/DSC_0074-1-1024x619.jpg 1024w, https:\/\/armin-knab-gymnasium.de\/Home\/wp-content\/uploads\/2026\/03\/DSC_0074-1-768x464.jpg 768w, https:\/\/armin-knab-gymnasium.de\/Home\/wp-content\/uploads\/2026\/03\/DSC_0074-1-1536x928.jpg 1536w, https:\/\/armin-knab-gymnasium.de\/Home\/wp-content\/uploads\/2026\/03\/DSC_0074-1-2048x1238.jpg 2048w\" sizes=\"auto, (max-width: 624px) 100vw, 624px\" \/><\/a>\n\t\t\t\t\n\t\t\t\t<h2 class=\"su-post-title\"><a href=\"https:\/\/armin-knab-gymnasium.de\/Home\/2026\/03\/20\/die-welle-ein-theaterstueck-das-weiter-geht\/\">DIE WELLE &#8211; ein Theaterst\u00fcck, das weiter geht<\/a><\/h2>\n\n\t\t\t\t<div class=\"su-post-meta\">\n\t\t\t\t\tVer\u00f6ffentlicht: 20. M\u00e4rz 2026\t\t\t\t<\/div>\n\n\t\t\t\t<div class=\"su-post-excerpt\">\n\t\t\t\t\t<p>Rund 500 Personen sahen von Donnerstag, 12.03.26, bis Samstag, 14.03.26, das Theaterst\u00fcck \u201eDIE WELLE\u201c nach dem Roman von Morton Rhue, inszeniert vom Oberstufentheater des AKG. Eine Klasse, in der sich&#8230; <a href=\"https:\/\/armin-knab-gymnasium.de\/Home\/2026\/03\/20\/die-welle-ein-theaterstueck-das-weiter-geht\/\">weiterlesen &raquo;<\/a><\/p>\n\t\t\t\t<\/div>\n\n\t\t\t\t\n\t\t\t<\/div>\n\n\t\t\t\t\t\n\t\t\t\n\t\t\t<div id=\"su-post-4692\" class=\"su-post \">\n\n\t\t\t\t\n\t\t\t\t<h2 class=\"su-post-title\"><a href=\"https:\/\/armin-knab-gymnasium.de\/Home\/2018\/09\/19\/internationaler-tag-des-weltfriedens-am-21-september-ein-thema-der-ethik\/\">Internationaler Tag des Weltfriedens am 21. September \u2013 ein Thema der Ethik<\/a><\/h2>\n\n\t\t\t\t<div class=\"su-post-meta\">\n\t\t\t\t\tVer\u00f6ffentlicht: 19. September 2018\t\t\t\t<\/div>\n\n\t\t\t\t<div class=\"su-post-excerpt\">\n\t\t\t\t\t<p>Im Jahr 1981 haben die Vereinten Nationen erstmals den \u201eInternational Day of Peace\u201c ausgerufen. Das Ziel war, die \u201eIdee des Friedens sowohl innerhalb der L\u00e4nder und V\u00f6lker als auch zwischen&#8230; <a href=\"https:\/\/armin-knab-gymnasium.de\/Home\/2018\/09\/19\/internationaler-tag-des-weltfriedens-am-21-september-ein-thema-der-ethik\/\">weiterlesen &raquo;<\/a><\/p>\n\t\t\t\t<\/div>\n\n\t\t\t\t\n\t\t\t<\/div>\n\n\t\t\t\t\t\n\t\t\t\n\t\t\t<div id=\"su-post-3181\" class=\"su-post \">\n\n\t\t\t\t\n\t\t\t\t<h2 class=\"su-post-title\"><a href=\"https:\/\/armin-knab-gymnasium.de\/Home\/2018\/01\/04\/ethik-in-der-oberstufe-ein-erfahrungsbericht\/\">Ethik in der Oberstufe &#8211; ein Erfahrungsbericht<\/a><\/h2>\n\n\t\t\t\t<div class=\"su-post-meta\">\n\t\t\t\t\tVer\u00f6ffentlicht: 4. Januar 2018\t\t\t\t<\/div>\n\n\t\t\t\t<div class=\"su-post-excerpt\">\n\t\t\t\t\t<p>Ethik? Was bedeutet das eigentlich? Kann man das auch essen? Ethik? Was bedeutet dieses Wort eigentlich? Das Wort Ethik stammt vom griechischen Wort \u201eethos\u201c ab, was soviel wie \u201eGewohnheit\u201c, \u201eSitte\u201c,&#8230; <a href=\"https:\/\/armin-knab-gymnasium.de\/Home\/2018\/01\/04\/ethik-in-der-oberstufe-ein-erfahrungsbericht\/\">weiterlesen &raquo;<\/a><\/p>\n\t\t\t\t<\/div>\n\n\t\t\t\t\n\t\t\t<\/div>\n\n\t\t\n\t\n<\/div>\n\n<\/div>\n<\/div><\/div>\n","protected":false},"excerpt":{"rendered":"","protected":false},"author":1015,"featured_media":0,"parent":3069,"menu_order":0,"comment_status":"closed","ping_status":"closed","template":"","meta":{"ghostkit_customizer_options":"","ghostkit_custom_css":"","ghostkit_custom_js_head":"","ghostkit_custom_js_foot":"","ghostkit_typography":"","footnotes":""},"coauthors":[68],"class_list":["post-1276","page","type-page","status-publish","hentry"],"yoast_head":"<!-- This site is optimized with the Yoast SEO plugin v27.5 - https:\/\/yoast.com\/product\/yoast-seo-wordpress\/ -->\n<title>Ethik - Armin-Knab-Gymnasium Kitzingen<\/title>\n<meta name=\"robots\" content=\"index, follow, max-snippet:-1, max-image-preview:large, max-video-preview:-1\" \/>\n<link rel=\"canonical\" href=\"https:\/\/armin-knab-gymnasium.de\/Home\/unterricht\/fachbereiche\/geisteswissenschaftlich\/ethik\/\" \/>\n<meta property=\"og:locale\" content=\"de_DE\" \/>\n<meta property=\"og:type\" content=\"article\" \/>\n<meta property=\"og:title\" content=\"Ethik - Armin-Knab-Gymnasium Kitzingen\" \/>\n<meta property=\"og:url\" content=\"https:\/\/armin-knab-gymnasium.de\/Home\/unterricht\/fachbereiche\/geisteswissenschaftlich\/ethik\/\" \/>\n<meta property=\"og:site_name\" content=\"Armin-Knab-Gymnasium Kitzingen\" \/>\n<meta property=\"article:modified_time\" content=\"2026-03-05T10:07:32+00:00\" \/>\n<meta name=\"twitter:card\" content=\"summary_large_image\" \/>\n<meta name=\"twitter:label1\" content=\"Gesch\u00e4tzte Lesezeit\" \/>\n\t<meta name=\"twitter:data1\" content=\"1\u00a0Minute\" \/>\n\t<meta name=\"twitter:label2\" content=\"Written by\" \/>\n\t<meta name=\"twitter:data2\" content=\"ehemaliger User\" \/>\n<script type=\"application\/ld+json\" class=\"yoast-schema-graph\">{\"@context\":\"https:\\\/\\\/schema.org\",\"@graph\":[{\"@type\":\"WebPage\",\"@id\":\"https:\\\/\\\/armin-knab-gymnasium.de\\\/Home\\\/unterricht\\\/fachbereiche\\\/geisteswissenschaftlich\\\/ethik\\\/\",\"url\":\"https:\\\/\\\/armin-knab-gymnasium.de\\\/Home\\\/unterricht\\\/fachbereiche\\\/geisteswissenschaftlich\\\/ethik\\\/\",\"name\":\"Ethik - Armin-Knab-Gymnasium Kitzingen\",\"isPartOf\":{\"@id\":\"https:\\\/\\\/armin-knab-gymnasium.de\\\/Home\\\/#website\"},\"datePublished\":\"2017-10-02T18:35:57+00:00\",\"dateModified\":\"2026-03-05T10:07:32+00:00\",\"breadcrumb\":{\"@id\":\"https:\\\/\\\/armin-knab-gymnasium.de\\\/Home\\\/unterricht\\\/fachbereiche\\\/geisteswissenschaftlich\\\/ethik\\\/#breadcrumb\"},\"inLanguage\":\"de\",\"potentialAction\":[{\"@type\":\"ReadAction\",\"target\":[\"https:\\\/\\\/armin-knab-gymnasium.de\\\/Home\\\/unterricht\\\/fachbereiche\\\/geisteswissenschaftlich\\\/ethik\\\/\"]}]},{\"@type\":\"BreadcrumbList\",\"@id\":\"https:\\\/\\\/armin-knab-gymnasium.de\\\/Home\\\/unterricht\\\/fachbereiche\\\/geisteswissenschaftlich\\\/ethik\\\/#breadcrumb\",\"itemListElement\":[{\"@type\":\"ListItem\",\"position\":1,\"name\":\"Startseite\",\"item\":\"https:\\\/\\\/armin-knab-gymnasium.de\\\/Home\\\/\"},{\"@type\":\"ListItem\",\"position\":2,\"name\":\"Unterricht\",\"item\":\"https:\\\/\\\/armin-knab-gymnasium.de\\\/Home\\\/unterricht\\\/\"},{\"@type\":\"ListItem\",\"position\":3,\"name\":\"F\u00e4cher\",\"item\":\"https:\\\/\\\/armin-knab-gymnasium.de\\\/Home\\\/unterricht\\\/fachbereiche\\\/\"},{\"@type\":\"ListItem\",\"position\":4,\"name\":\"Geisteswissenschaftlich\",\"item\":\"https:\\\/\\\/armin-knab-gymnasium.de\\\/Home\\\/unterricht\\\/fachbereiche\\\/geisteswissenschaftlich\\\/\"},{\"@type\":\"ListItem\",\"position\":5,\"name\":\"Ethik\"}]},{\"@type\":\"WebSite\",\"@id\":\"https:\\\/\\\/armin-knab-gymnasium.de\\\/Home\\\/#website\",\"url\":\"https:\\\/\\\/armin-knab-gymnasium.de\\\/Home\\\/\",\"name\":\"Armin-Knab-Gymnasium Kitzingen\",\"description\":\"Naturwissenschaftlich-technologisches und sprachliches Gymnasium\",\"publisher\":{\"@id\":\"https:\\\/\\\/armin-knab-gymnasium.de\\\/Home\\\/#organization\"},\"potentialAction\":[{\"@type\":\"SearchAction\",\"target\":{\"@type\":\"EntryPoint\",\"urlTemplate\":\"https:\\\/\\\/armin-knab-gymnasium.de\\\/Home\\\/?s={search_term_string}\"},\"query-input\":{\"@type\":\"PropertyValueSpecification\",\"valueRequired\":true,\"valueName\":\"search_term_string\"}}],\"inLanguage\":\"de\"},{\"@type\":\"Organization\",\"@id\":\"https:\\\/\\\/armin-knab-gymnasium.de\\\/Home\\\/#organization\",\"name\":\"Armin-Knab-Gymnasium Kitzingen\",\"url\":\"https:\\\/\\\/armin-knab-gymnasium.de\\\/Home\\\/\",\"logo\":{\"@type\":\"ImageObject\",\"inLanguage\":\"de\",\"@id\":\"https:\\\/\\\/armin-knab-gymnasium.de\\\/Home\\\/#\\\/schema\\\/logo\\\/image\\\/\",\"url\":\"https:\\\/\\\/armin-knab-gymnasium.de\\\/Home\\\/wp-content\\\/uploads\\\/2016\\\/11\\\/LogoIcon.png\",\"contentUrl\":\"https:\\\/\\\/armin-knab-gymnasium.de\\\/Home\\\/wp-content\\\/uploads\\\/2016\\\/11\\\/LogoIcon.png\",\"width\":512,\"height\":512,\"caption\":\"Armin-Knab-Gymnasium Kitzingen\"},\"image\":{\"@id\":\"https:\\\/\\\/armin-knab-gymnasium.de\\\/Home\\\/#\\\/schema\\\/logo\\\/image\\\/\"}}]}<\/script>\n<!-- \/ Yoast SEO plugin. -->","yoast_head_json":{"title":"Ethik - Armin-Knab-Gymnasium Kitzingen","robots":{"index":"index","follow":"follow","max-snippet":"max-snippet:-1","max-image-preview":"max-image-preview:large","max-video-preview":"max-video-preview:-1"},"canonical":"https:\/\/armin-knab-gymnasium.de\/Home\/unterricht\/fachbereiche\/geisteswissenschaftlich\/ethik\/","og_locale":"de_DE","og_type":"article","og_title":"Ethik - Armin-Knab-Gymnasium Kitzingen","og_url":"https:\/\/armin-knab-gymnasium.de\/Home\/unterricht\/fachbereiche\/geisteswissenschaftlich\/ethik\/","og_site_name":"Armin-Knab-Gymnasium Kitzingen","article_modified_time":"2026-03-05T10:07:32+00:00","twitter_card":"summary_large_image","twitter_misc":{"Gesch\u00e4tzte Lesezeit":"1\u00a0Minute","Written by":"ehemaliger User"},"schema":{"@context":"https:\/\/schema.org","@graph":[{"@type":"WebPage","@id":"https:\/\/armin-knab-gymnasium.de\/Home\/unterricht\/fachbereiche\/geisteswissenschaftlich\/ethik\/","url":"https:\/\/armin-knab-gymnasium.de\/Home\/unterricht\/fachbereiche\/geisteswissenschaftlich\/ethik\/","name":"Ethik - Armin-Knab-Gymnasium Kitzingen","isPartOf":{"@id":"https:\/\/armin-knab-gymnasium.de\/Home\/#website"},"datePublished":"2017-10-02T18:35:57+00:00","dateModified":"2026-03-05T10:07:32+00:00","breadcrumb":{"@id":"https:\/\/armin-knab-gymnasium.de\/Home\/unterricht\/fachbereiche\/geisteswissenschaftlich\/ethik\/#breadcrumb"},"inLanguage":"de","potentialAction":[{"@type":"ReadAction","target":["https:\/\/armin-knab-gymnasium.de\/Home\/unterricht\/fachbereiche\/geisteswissenschaftlich\/ethik\/"]}]},{"@type":"BreadcrumbList","@id":"https:\/\/armin-knab-gymnasium.de\/Home\/unterricht\/fachbereiche\/geisteswissenschaftlich\/ethik\/#breadcrumb","itemListElement":[{"@type":"ListItem","position":1,"name":"Startseite","item":"https:\/\/armin-knab-gymnasium.de\/Home\/"},{"@type":"ListItem","position":2,"name":"Unterricht","item":"https:\/\/armin-knab-gymnasium.de\/Home\/unterricht\/"},{"@type":"ListItem","position":3,"name":"F\u00e4cher","item":"https:\/\/armin-knab-gymnasium.de\/Home\/unterricht\/fachbereiche\/"},{"@type":"ListItem","position":4,"name":"Geisteswissenschaftlich","item":"https:\/\/armin-knab-gymnasium.de\/Home\/unterricht\/fachbereiche\/geisteswissenschaftlich\/"},{"@type":"ListItem","position":5,"name":"Ethik"}]},{"@type":"WebSite","@id":"https:\/\/armin-knab-gymnasium.de\/Home\/#website","url":"https:\/\/armin-knab-gymnasium.de\/Home\/","name":"Armin-Knab-Gymnasium Kitzingen","description":"Naturwissenschaftlich-technologisches und sprachliches Gymnasium","publisher":{"@id":"https:\/\/armin-knab-gymnasium.de\/Home\/#organization"},"potentialAction":[{"@type":"SearchAction","target":{"@type":"EntryPoint","urlTemplate":"https:\/\/armin-knab-gymnasium.de\/Home\/?s={search_term_string}"},"query-input":{"@type":"PropertyValueSpecification","valueRequired":true,"valueName":"search_term_string"}}],"inLanguage":"de"},{"@type":"Organization","@id":"https:\/\/armin-knab-gymnasium.de\/Home\/#organization","name":"Armin-Knab-Gymnasium Kitzingen","url":"https:\/\/armin-knab-gymnasium.de\/Home\/","logo":{"@type":"ImageObject","inLanguage":"de","@id":"https:\/\/armin-knab-gymnasium.de\/Home\/#\/schema\/logo\/image\/","url":"https:\/\/armin-knab-gymnasium.de\/Home\/wp-content\/uploads\/2016\/11\/LogoIcon.png","contentUrl":"https:\/\/armin-knab-gymnasium.de\/Home\/wp-content\/uploads\/2016\/11\/LogoIcon.png","width":512,"height":512,"caption":"Armin-Knab-Gymnasium Kitzingen"},"image":{"@id":"https:\/\/armin-knab-gymnasium.de\/Home\/#\/schema\/logo\/image\/"}}]}},"publishpress_future_action":{"enabled":false,"date":"2026-05-09 05:33:54","action":"change-status","newStatus":"draft","terms":[],"taxonomy":"author","extraData":[]},"publishpress_future_workflow_manual_trigger":{"enabledWorkflows":[]},"_links":{"self":[{"href":"https:\/\/armin-knab-gymnasium.de\/Home\/wp-json\/wp\/v2\/pages\/1276","targetHints":{"allow":["GET"]}}],"collection":[{"href":"https:\/\/armin-knab-gymnasium.de\/Home\/wp-json\/wp\/v2\/pages"}],"about":[{"href":"https:\/\/armin-knab-gymnasium.de\/Home\/wp-json\/wp\/v2\/types\/page"}],"author":[{"embeddable":true,"href":"https:\/\/armin-knab-gymnasium.de\/Home\/wp-json\/wp\/v2\/users\/1015"}],"replies":[{"embeddable":true,"href":"https:\/\/armin-knab-gymnasium.de\/Home\/wp-json\/wp\/v2\/comments?post=1276"}],"version-history":[{"count":20,"href":"https:\/\/armin-knab-gymnasium.de\/Home\/wp-json\/wp\/v2\/pages\/1276\/revisions"}],"predecessor-version":[{"id":17817,"href":"https:\/\/armin-knab-gymnasium.de\/Home\/wp-json\/wp\/v2\/pages\/1276\/revisions\/17817"}],"up":[{"embeddable":true,"href":"https:\/\/armin-knab-gymnasium.de\/Home\/wp-json\/wp\/v2\/pages\/3069"}],"wp:attachment":[{"href":"https:\/\/armin-knab-gymnasium.de\/Home\/wp-json\/wp\/v2\/media?parent=1276"}],"wp:term":[{"taxonomy":"author","embeddable":true,"href":"https:\/\/armin-knab-gymnasium.de\/Home\/wp-json\/wp\/v2\/coauthors?post=1276"}],"curies":[{"name":"wp","href":"https:\/\/api.w.org\/{rel}","templated":true}]}}