{"id":65,"date":"2016-01-25T17:50:07","date_gmt":"2016-01-25T16:50:07","guid":{"rendered":"http:\/\/armin-knab-gymnasium.de\/Home\/?page_id=65"},"modified":"2025-04-24T14:01:54","modified_gmt":"2025-04-24T12:01:54","slug":"wirtschaftrecht","status":"publish","type":"page","link":"https:\/\/armin-knab-gymnasium.de\/Home\/unterricht\/fachbereiche\/gesellschaftswissenschaftlich\/wirtschaftrecht\/","title":{"rendered":"Wirtschaft\/Recht"},"content":{"rendered":"\n<div class=\"ghostkit-tabs\"><div class=\"ghostkit-tabs-buttons ghostkit-tabs-buttons-align-start\" role=\"tablist\" aria-orientation=\"horizontal\"><button id=\"tab-personal-button\" class=\"ghostkit-tabs-buttons-item\" type=\"button\" role=\"tab\" data-tab=\"tab-personal\" aria-controls=\"tab-personal-content\" aria-selected=\"false\">Personal<\/button><button id=\"tab-fachprofil-button\" class=\"ghostkit-tabs-buttons-item\" type=\"button\" role=\"tab\" data-tab=\"tab-fachprofil\" aria-controls=\"tab-fachprofil-content\" aria-selected=\"false\">Fachprofil<\/button><button id=\"tab-lehrwerke-button\" class=\"ghostkit-tabs-buttons-item ghostkit-tabs-buttons-item-active\" type=\"button\" role=\"tab\" data-tab=\"tab-lehrwerke\" aria-controls=\"tab-lehrwerke-content\" aria-selected=\"true\">Lehrwerke<\/button><button id=\"tab-aktuelles-button\" class=\"ghostkit-tabs-buttons-item\" type=\"button\" role=\"tab\" data-tab=\"tab-aktuelles\" aria-controls=\"tab-aktuelles-content\" aria-selected=\"false\">Aktuelles<\/button><\/div><div class=\"ghostkit-tabs-content\">\n<div class=\"ghostkit-tab is-layout-flow wp-block-ghostkit-tabs-tab-v2-is-layout-flow\" tabindex=\"0\" role=\"tabpanel\" aria-labelledby=\"tab-personal-button\" data-tab=\"tab-personal\" id=\"tab-personal-content\">\n<ul class=\"wp-block-list\">\n<li>Herr Bank<\/li>\n\n\n\n<li>Frau Bohn<\/li>\n\n\n\n<li>Frau Heider (Fachbetreuerin)<\/li>\n<\/ul>\n<\/div>\n\n\n\n<div class=\"ghostkit-tab is-layout-flow wp-block-ghostkit-tabs-tab-v2-is-layout-flow\" tabindex=\"0\" role=\"tabpanel\" aria-labelledby=\"tab-fachprofil-button\" data-tab=\"tab-fachprofil\" id=\"tab-fachprofil-content\">\n<p>\u00d6konomisches Handeln ist wesentlicher Bestandteil unseres Zusammenlebens. Der Unterricht im Fach Wirtschaft und Recht bef\u00e4higt die Sch\u00fclerinnen und Sch\u00fcler, als m\u00fcndige B\u00fcrger in ihrem pers\u00f6nlichen Lebensumfeld selbstbestimmt \u00f6konomisch zu handeln, in der Gesellschaft wirtschaftliche sowie rechtliche Rahmenbedingungen mitzugestalten und solidarisch Verantwortung zu \u00fcbernehmen.<\/p>\n\n\n\n<p>Dazu erwerben die Sch\u00fclerinnen und Sch\u00fcler Kompetenzen, mit denen sie aus der Perspektive von Konsument, Arbeitnehmer, Unternehmer oder Staatsb\u00fcrger Problemstellungen kriterienorientiert analysieren, beurteilen und l\u00f6sen k\u00f6nnen.<\/p>\n\n\n\n<p>Das im Fach Wirtschaft und Recht erworbene Strukturwissen erm\u00f6glicht es den Sch\u00fclerinnen und Sch\u00fclern, \u00f6konomisches Verhalten unterschiedlicher Akteure und wirtschaftliche Systemzusammenh\u00e4nge zu analysieren, rechtliche Rahmenbedingungen zu verstehen und vor diesem Hintergrund Konfliktsituationen aus verschiedenen Perspektiven zu beurteilen. In aktuellen, handlungsorientierten Szenarien wenden sie im Unterricht geeignete Erkl\u00e4rungsmodelle an und werden sich der durch M\u00e4rkte, Vertr\u00e4ge und Normen gesetzten Handlungsanreize bewusst. Sie reflektieren M\u00f6glichkeiten und Grenzen \u00f6konomischen Handelns in unserer Wirtschaftsordnung und der globalisierten Weltwirtschaft, entwickeln Perspektiven der eigenen Zukunftsgestaltung (z.&nbsp;B. durch die Auseinandersetzung mit der Arbeitswelt und der Globalisierung) und \u00fcbernehmen auch Verantwortung f\u00fcr andere (z.&nbsp;B. durch nachhaltiges Wirtschaften).<\/p>\n<\/div>\n\n\n\n<div class=\"ghostkit-tab ghostkit-tab-active is-layout-flow wp-block-ghostkit-tabs-tab-v2-is-layout-flow\" tabindex=\"0\" role=\"tabpanel\" aria-labelledby=\"tab-lehrwerke-button\" data-tab=\"tab-lehrwerke\" id=\"tab-lehrwerke-content\">\n<p>Klasse 10 Wirtschaft und Recht 10 (Auer)<\/p>\n\n\n\n<p>Klasse 11 startup. WR 11 (CCBuchner)<br><\/p>\n\n\n\n<p><br>Klasse 12 startup. WR 12 (CCBuchner)<\/p>\n\n\n\n<p><br>Klasse 13 startup. WR 13 (CCBuchner)<br><\/p>\n<\/div>\n\n\n\n<div class=\"ghostkit-tab is-layout-flow wp-block-ghostkit-tabs-tab-v2-is-layout-flow\" tabindex=\"0\" role=\"tabpanel\" aria-labelledby=\"tab-aktuelles-button\" data-tab=\"tab-aktuelles\" id=\"tab-aktuelles-content\">\n\n\n<div class=\"su-posts su-posts-default-loop \">\n\n\t\n\t\t\t\t\t\n\t\t\t\n\t\t\t<div id=\"su-post-17876\" class=\"su-post \">\n\n\t\t\t\t\t\t\t\t\t<a class=\"su-post-thumbnail\" href=\"https:\/\/armin-knab-gymnasium.de\/Home\/2026\/03\/20\/doppelter-erfolg-gleich-zwei-erste-plaetze-beim-planspiel-boerse-2\/\"><img loading=\"lazy\" decoding=\"async\" width=\"624\" height=\"411\" src=\"https:\/\/armin-knab-gymnasium.de\/Home\/wp-content\/uploads\/2026\/03\/Beitragsbild-von-KUR-624x411.jpg\" class=\"attachment-post-thumbnail size-post-thumbnail wp-post-image\" alt=\"\" srcset=\"https:\/\/armin-knab-gymnasium.de\/Home\/wp-content\/uploads\/2026\/03\/Beitragsbild-von-KUR-624x411.jpg 624w, https:\/\/armin-knab-gymnasium.de\/Home\/wp-content\/uploads\/2026\/03\/Beitragsbild-von-KUR-300x198.jpg 300w, https:\/\/armin-knab-gymnasium.de\/Home\/wp-content\/uploads\/2026\/03\/Beitragsbild-von-KUR-1024x674.jpg 1024w, https:\/\/armin-knab-gymnasium.de\/Home\/wp-content\/uploads\/2026\/03\/Beitragsbild-von-KUR-768x506.jpg 768w, https:\/\/armin-knab-gymnasium.de\/Home\/wp-content\/uploads\/2026\/03\/Beitragsbild-von-KUR-1536x1011.jpg 1536w, https:\/\/armin-knab-gymnasium.de\/Home\/wp-content\/uploads\/2026\/03\/Beitragsbild-von-KUR-2048x1348.jpg 2048w\" sizes=\"auto, (max-width: 624px) 100vw, 624px\" \/><\/a>\n\t\t\t\t\n\t\t\t\t<h2 class=\"su-post-title\"><a href=\"https:\/\/armin-knab-gymnasium.de\/Home\/2026\/03\/20\/doppelter-erfolg-gleich-zwei-erste-plaetze-beim-planspiel-boerse-2\/\">Zwei AKG-Teams beim Planspiel B\u00f6rse erfolgreich<\/a><\/h2>\n\n\t\t\t\t<div class=\"su-post-meta\">\n\t\t\t\t\tVer\u00f6ffentlicht: 20. M\u00e4rz 2026\t\t\t\t<\/div>\n\n\t\t\t\t<div class=\"su-post-excerpt\">\n\t\t\t\t\t<p>Wirtschaftliche Grundkenntnisse im echten Leben anwenden!? Das Planspiel B\u00f6rse bietet Sch\u00fclerinnen und Sch\u00fclern die M\u00f6glichkeit in einem spannenden Online-Wettbewerb praktische Erfahrungen im Bereich der Finanzen und Aktienm\u00e4rkte zu sammeln. 50.000&#8230; <a href=\"https:\/\/armin-knab-gymnasium.de\/Home\/2026\/03\/20\/doppelter-erfolg-gleich-zwei-erste-plaetze-beim-planspiel-boerse-2\/\">weiterlesen &raquo;<\/a><\/p>\n\t\t\t\t<\/div>\n\n\t\t\t\t\n\t\t\t<\/div>\n\n\t\t\t\t\t\n\t\t\t\n\t\t\t<div id=\"su-post-17086\" class=\"su-post \">\n\n\t\t\t\t\t\t\t\t\t<a class=\"su-post-thumbnail\" href=\"https:\/\/armin-knab-gymnasium.de\/Home\/2025\/04\/22\/doppelter-erfolg-gleich-zwei-erste-plaetze-beim-planspiel-boerse\/\"><img loading=\"lazy\" decoding=\"async\" width=\"624\" height=\"832\" src=\"https:\/\/armin-knab-gymnasium.de\/Home\/wp-content\/uploads\/2025\/04\/ima_b9d3ba4-624x832.jpeg\" class=\"attachment-post-thumbnail size-post-thumbnail wp-post-image\" alt=\"\" srcset=\"https:\/\/armin-knab-gymnasium.de\/Home\/wp-content\/uploads\/2025\/04\/ima_b9d3ba4-624x832.jpeg 624w, https:\/\/armin-knab-gymnasium.de\/Home\/wp-content\/uploads\/2025\/04\/ima_b9d3ba4-225x300.jpeg 225w, https:\/\/armin-knab-gymnasium.de\/Home\/wp-content\/uploads\/2025\/04\/ima_b9d3ba4-768x1024.jpeg 768w, https:\/\/armin-knab-gymnasium.de\/Home\/wp-content\/uploads\/2025\/04\/ima_b9d3ba4-1152x1536.jpeg 1152w, https:\/\/armin-knab-gymnasium.de\/Home\/wp-content\/uploads\/2025\/04\/ima_b9d3ba4-1536x2048.jpeg 1536w, https:\/\/armin-knab-gymnasium.de\/Home\/wp-content\/uploads\/2025\/04\/ima_b9d3ba4-scaled.jpeg 1920w\" sizes=\"auto, (max-width: 624px) 100vw, 624px\" \/><\/a>\n\t\t\t\t\n\t\t\t\t<h2 class=\"su-post-title\"><a href=\"https:\/\/armin-knab-gymnasium.de\/Home\/2025\/04\/22\/doppelter-erfolg-gleich-zwei-erste-plaetze-beim-planspiel-boerse\/\">Doppelter Erfolg: Gleich zwei erste Pl\u00e4tze beim Planspiel B\u00f6rse<\/a><\/h2>\n\n\t\t\t\t<div class=\"su-post-meta\">\n\t\t\t\t\tVer\u00f6ffentlicht: 22. April 2025\t\t\t\t<\/div>\n\n\t\t\t\t<div class=\"su-post-excerpt\">\n\t\t\t\t\t<p>Wirtschaftliche Grundkenntnisse im echten Leben anwenden!? Das Planspiel B\u00f6rse bietet Sch\u00fclerinnen und Sch\u00fclern die M\u00f6glichkeit in einem spannenden Online-Wettbewerb praktische Erfahrungen im Bereich der Finanzen und Aktienm\u00e4rkte zu sammeln. 50&#8230; <a href=\"https:\/\/armin-knab-gymnasium.de\/Home\/2025\/04\/22\/doppelter-erfolg-gleich-zwei-erste-plaetze-beim-planspiel-boerse\/\">weiterlesen &raquo;<\/a><\/p>\n\t\t\t\t<\/div>\n\n\t\t\t\t\n\t\t\t<\/div>\n\n\t\t\t\t\t\n\t\t\t\n\t\t\t<div id=\"su-post-15196\" class=\"su-post \">\n\n\t\t\t\t\t\t\t\t\t<a class=\"su-post-thumbnail\" href=\"https:\/\/armin-knab-gymnasium.de\/Home\/2023\/07\/27\/wenn-der-gerichtssaal-zum-klassenzimmer-wird\/\"><img loading=\"lazy\" decoding=\"async\" width=\"624\" height=\"397\" src=\"https:\/\/armin-knab-gymnasium.de\/Home\/wp-content\/uploads\/2023\/07\/10E-am-Gericht-624x397.jpg\" class=\"attachment-post-thumbnail size-post-thumbnail wp-post-image\" alt=\"\" srcset=\"https:\/\/armin-knab-gymnasium.de\/Home\/wp-content\/uploads\/2023\/07\/10E-am-Gericht-624x397.jpg 624w, https:\/\/armin-knab-gymnasium.de\/Home\/wp-content\/uploads\/2023\/07\/10E-am-Gericht-300x191.jpg 300w, https:\/\/armin-knab-gymnasium.de\/Home\/wp-content\/uploads\/2023\/07\/10E-am-Gericht-1024x652.jpg 1024w, https:\/\/armin-knab-gymnasium.de\/Home\/wp-content\/uploads\/2023\/07\/10E-am-Gericht-768x489.jpg 768w, https:\/\/armin-knab-gymnasium.de\/Home\/wp-content\/uploads\/2023\/07\/10E-am-Gericht-1536x978.jpg 1536w, https:\/\/armin-knab-gymnasium.de\/Home\/wp-content\/uploads\/2023\/07\/10E-am-Gericht-2048x1304.jpg 2048w\" sizes=\"auto, (max-width: 624px) 100vw, 624px\" \/><\/a>\n\t\t\t\t\n\t\t\t\t<h2 class=\"su-post-title\"><a href=\"https:\/\/armin-knab-gymnasium.de\/Home\/2023\/07\/27\/wenn-der-gerichtssaal-zum-klassenzimmer-wird\/\">Wenn der Gerichtssaal zum Klassenzimmer wird<\/a><\/h2>\n\n\t\t\t\t<div class=\"su-post-meta\">\n\t\t\t\t\tVer\u00f6ffentlicht: 27. Juli 2023\t\t\t\t<\/div>\n\n\t\t\t\t<div class=\"su-post-excerpt\">\n\t\t\t\t\t<p>Bei einem Gerichtsprozess am 20. Juli hatte die Klasse 10E die M\u00f6glichkeit am Amtsgericht Kitzingen Rechtsprechung in Realit\u00e4t zu erleben. Hierbei ging es um den Vorwurf der K\u00f6rperverletzung. Angeklagt waren&#8230; <a href=\"https:\/\/armin-knab-gymnasium.de\/Home\/2023\/07\/27\/wenn-der-gerichtssaal-zum-klassenzimmer-wird\/\">weiterlesen &raquo;<\/a><\/p>\n\t\t\t\t<\/div>\n\n\t\t\t\t\n\t\t\t<\/div>\n\n\t\t\t\t\t\n\t\t\t\n\t\t\t<div id=\"su-post-14985\" class=\"su-post \">\n\n\t\t\t\t\t\t\t\t\t<a class=\"su-post-thumbnail\" href=\"https:\/\/armin-knab-gymnasium.de\/Home\/2023\/04\/27\/erfolg-beim-planspiel-boerse-1-platz-im-raum-kitzingen\/\"><img loading=\"lazy\" decoding=\"async\" width=\"624\" height=\"443\" src=\"https:\/\/armin-knab-gymnasium.de\/Home\/wp-content\/uploads\/2023\/04\/Vrabelfroh2-1-624x443.jpg\" class=\"attachment-post-thumbnail size-post-thumbnail wp-post-image\" alt=\"\" srcset=\"https:\/\/armin-knab-gymnasium.de\/Home\/wp-content\/uploads\/2023\/04\/Vrabelfroh2-1-624x443.jpg 624w, https:\/\/armin-knab-gymnasium.de\/Home\/wp-content\/uploads\/2023\/04\/Vrabelfroh2-1-300x213.jpg 300w, https:\/\/armin-knab-gymnasium.de\/Home\/wp-content\/uploads\/2023\/04\/Vrabelfroh2-1-1024x727.jpg 1024w, https:\/\/armin-knab-gymnasium.de\/Home\/wp-content\/uploads\/2023\/04\/Vrabelfroh2-1-768x546.jpg 768w, https:\/\/armin-knab-gymnasium.de\/Home\/wp-content\/uploads\/2023\/04\/Vrabelfroh2-1-1536x1091.jpg 1536w, https:\/\/armin-knab-gymnasium.de\/Home\/wp-content\/uploads\/2023\/04\/Vrabelfroh2-1-2048x1455.jpg 2048w\" sizes=\"auto, (max-width: 624px) 100vw, 624px\" \/><\/a>\n\t\t\t\t\n\t\t\t\t<h2 class=\"su-post-title\"><a href=\"https:\/\/armin-knab-gymnasium.de\/Home\/2023\/04\/27\/erfolg-beim-planspiel-boerse-1-platz-im-raum-kitzingen\/\">Erfolg beim Planspiel B\u00f6rse: 1. Platz im Raum Kitzingen<\/a><\/h2>\n\n\t\t\t\t<div class=\"su-post-meta\">\n\t\t\t\t\tVer\u00f6ffentlicht: 27. April 2023\t\t\t\t<\/div>\n\n\t\t\t\t<div class=\"su-post-excerpt\">\n\t\t\t\t\t<p>Wirtschaftliche Grundkenntnisse im echten Leben anwenden!? Das Planspiel B\u00f6rse bietet Sch\u00fclerinnen und Sch\u00fclern die M\u00f6glichkeit in einem spannenden Online-Wettbewerb praktische Erfahrungen im Bereich der Finanzen und Aktienm\u00e4rkte zu sammeln. Mit&#8230; <a href=\"https:\/\/armin-knab-gymnasium.de\/Home\/2023\/04\/27\/erfolg-beim-planspiel-boerse-1-platz-im-raum-kitzingen\/\">weiterlesen &raquo;<\/a><\/p>\n\t\t\t\t<\/div>\n\n\t\t\t\t\n\t\t\t<\/div>\n\n\t\t\t\t\t\n\t\t\t\n\t\t\t<div id=\"su-post-13884\" class=\"su-post \">\n\n\t\t\t\t\n\t\t\t\t<h2 class=\"su-post-title\"><a href=\"https:\/\/armin-knab-gymnasium.de\/Home\/2022\/07\/21\/gerichtsverhandlung-heiratsschwindel-am-amtsgericht-kitzingen\/\">Gerichtsverhandlung \u201eHeiratsschwindel\u201c am Amtsgericht Kitzingen<\/a><\/h2>\n\n\t\t\t\t<div class=\"su-post-meta\">\n\t\t\t\t\tVer\u00f6ffentlicht: 21. Juli 2022\t\t\t\t<\/div>\n\n\t\t\t\t<div class=\"su-post-excerpt\">\n\t\t\t\t\t<p>\u201eIm Zweifel f\u00fcr die Angeklagte und damit Freispruch\u201c forderte der Verteidiger in seinem Schlusspl\u00e4doyer, der Staatsanwalt hingegen war von der Schuld der Angeklagten \u00fcberzeugt und forderte 3 Jahre Haft wegen&#8230; <a href=\"https:\/\/armin-knab-gymnasium.de\/Home\/2022\/07\/21\/gerichtsverhandlung-heiratsschwindel-am-amtsgericht-kitzingen\/\">weiterlesen &raquo;<\/a><\/p>\n\t\t\t\t<\/div>\n\n\t\t\t\t\n\t\t\t<\/div>\n\n\t\t\n\t\n<\/div>\n\n<\/div>\n<\/div><\/div>\n\n\n\n<p><\/p>\n","protected":false},"excerpt":{"rendered":"","protected":false},"author":1016,"featured_media":0,"parent":3065,"menu_order":0,"comment_status":"closed","ping_status":"closed","template":"","meta":{"ghostkit_customizer_options":"","ghostkit_custom_css":"","ghostkit_custom_js_head":"","ghostkit_custom_js_foot":"","ghostkit_typography":"","footnotes":""},"coauthors":[59,111],"class_list":["post-65","page","type-page","status-publish","hentry"],"yoast_head":"<!-- This site is optimized with the Yoast SEO plugin v27.5 - https:\/\/yoast.com\/product\/yoast-seo-wordpress\/ -->\n<title>Wirtschaft\/Recht - Armin-Knab-Gymnasium Kitzingen<\/title>\n<meta name=\"robots\" content=\"index, follow, max-snippet:-1, max-image-preview:large, max-video-preview:-1\" \/>\n<link rel=\"canonical\" href=\"https:\/\/armin-knab-gymnasium.de\/Home\/unterricht\/fachbereiche\/gesellschaftswissenschaftlich\/wirtschaftrecht\/\" \/>\n<meta property=\"og:locale\" content=\"de_DE\" \/>\n<meta property=\"og:type\" content=\"article\" \/>\n<meta property=\"og:title\" content=\"Wirtschaft\/Recht - Armin-Knab-Gymnasium Kitzingen\" \/>\n<meta property=\"og:url\" content=\"https:\/\/armin-knab-gymnasium.de\/Home\/unterricht\/fachbereiche\/gesellschaftswissenschaftlich\/wirtschaftrecht\/\" \/>\n<meta property=\"og:site_name\" content=\"Armin-Knab-Gymnasium Kitzingen\" \/>\n<meta property=\"article:modified_time\" content=\"2025-04-24T12:01:54+00:00\" \/>\n<meta name=\"twitter:card\" content=\"summary_large_image\" \/>\n<meta name=\"twitter:label1\" content=\"Gesch\u00e4tzte Lesezeit\" \/>\n\t<meta name=\"twitter:data1\" content=\"2\u00a0Minuten\" \/>\n\t<meta name=\"twitter:label2\" content=\"Written by\" \/>\n\t<meta name=\"twitter:data2\" content=\"Katja Heider\" \/>\n<script type=\"application\/ld+json\" class=\"yoast-schema-graph\">{\"@context\":\"https:\\\/\\\/schema.org\",\"@graph\":[{\"@type\":\"WebPage\",\"@id\":\"https:\\\/\\\/armin-knab-gymnasium.de\\\/Home\\\/unterricht\\\/fachbereiche\\\/gesellschaftswissenschaftlich\\\/wirtschaftrecht\\\/\",\"url\":\"https:\\\/\\\/armin-knab-gymnasium.de\\\/Home\\\/unterricht\\\/fachbereiche\\\/gesellschaftswissenschaftlich\\\/wirtschaftrecht\\\/\",\"name\":\"Wirtschaft\\\/Recht - Armin-Knab-Gymnasium Kitzingen\",\"isPartOf\":{\"@id\":\"https:\\\/\\\/armin-knab-gymnasium.de\\\/Home\\\/#website\"},\"datePublished\":\"2016-01-25T16:50:07+00:00\",\"dateModified\":\"2025-04-24T12:01:54+00:00\",\"breadcrumb\":{\"@id\":\"https:\\\/\\\/armin-knab-gymnasium.de\\\/Home\\\/unterricht\\\/fachbereiche\\\/gesellschaftswissenschaftlich\\\/wirtschaftrecht\\\/#breadcrumb\"},\"inLanguage\":\"de\",\"potentialAction\":[{\"@type\":\"ReadAction\",\"target\":[\"https:\\\/\\\/armin-knab-gymnasium.de\\\/Home\\\/unterricht\\\/fachbereiche\\\/gesellschaftswissenschaftlich\\\/wirtschaftrecht\\\/\"]}]},{\"@type\":\"BreadcrumbList\",\"@id\":\"https:\\\/\\\/armin-knab-gymnasium.de\\\/Home\\\/unterricht\\\/fachbereiche\\\/gesellschaftswissenschaftlich\\\/wirtschaftrecht\\\/#breadcrumb\",\"itemListElement\":[{\"@type\":\"ListItem\",\"position\":1,\"name\":\"Startseite\",\"item\":\"https:\\\/\\\/armin-knab-gymnasium.de\\\/Home\\\/\"},{\"@type\":\"ListItem\",\"position\":2,\"name\":\"Unterricht\",\"item\":\"https:\\\/\\\/armin-knab-gymnasium.de\\\/Home\\\/unterricht\\\/\"},{\"@type\":\"ListItem\",\"position\":3,\"name\":\"F\u00e4cher\",\"item\":\"https:\\\/\\\/armin-knab-gymnasium.de\\\/Home\\\/unterricht\\\/fachbereiche\\\/\"},{\"@type\":\"ListItem\",\"position\":4,\"name\":\"Gesellschaftswissenschaftlich\",\"item\":\"https:\\\/\\\/armin-knab-gymnasium.de\\\/Home\\\/unterricht\\\/fachbereiche\\\/gesellschaftswissenschaftlich\\\/\"},{\"@type\":\"ListItem\",\"position\":5,\"name\":\"Wirtschaft\\\/Recht\"}]},{\"@type\":\"WebSite\",\"@id\":\"https:\\\/\\\/armin-knab-gymnasium.de\\\/Home\\\/#website\",\"url\":\"https:\\\/\\\/armin-knab-gymnasium.de\\\/Home\\\/\",\"name\":\"Armin-Knab-Gymnasium Kitzingen\",\"description\":\"Naturwissenschaftlich-technologisches und sprachliches Gymnasium\",\"publisher\":{\"@id\":\"https:\\\/\\\/armin-knab-gymnasium.de\\\/Home\\\/#organization\"},\"potentialAction\":[{\"@type\":\"SearchAction\",\"target\":{\"@type\":\"EntryPoint\",\"urlTemplate\":\"https:\\\/\\\/armin-knab-gymnasium.de\\\/Home\\\/?s={search_term_string}\"},\"query-input\":{\"@type\":\"PropertyValueSpecification\",\"valueRequired\":true,\"valueName\":\"search_term_string\"}}],\"inLanguage\":\"de\"},{\"@type\":\"Organization\",\"@id\":\"https:\\\/\\\/armin-knab-gymnasium.de\\\/Home\\\/#organization\",\"name\":\"Armin-Knab-Gymnasium Kitzingen\",\"url\":\"https:\\\/\\\/armin-knab-gymnasium.de\\\/Home\\\/\",\"logo\":{\"@type\":\"ImageObject\",\"inLanguage\":\"de\",\"@id\":\"https:\\\/\\\/armin-knab-gymnasium.de\\\/Home\\\/#\\\/schema\\\/logo\\\/image\\\/\",\"url\":\"https:\\\/\\\/armin-knab-gymnasium.de\\\/Home\\\/wp-content\\\/uploads\\\/2016\\\/11\\\/LogoIcon.png\",\"contentUrl\":\"https:\\\/\\\/armin-knab-gymnasium.de\\\/Home\\\/wp-content\\\/uploads\\\/2016\\\/11\\\/LogoIcon.png\",\"width\":512,\"height\":512,\"caption\":\"Armin-Knab-Gymnasium Kitzingen\"},\"image\":{\"@id\":\"https:\\\/\\\/armin-knab-gymnasium.de\\\/Home\\\/#\\\/schema\\\/logo\\\/image\\\/\"}}]}<\/script>\n<!-- \/ Yoast SEO plugin. -->","yoast_head_json":{"title":"Wirtschaft\/Recht - Armin-Knab-Gymnasium Kitzingen","robots":{"index":"index","follow":"follow","max-snippet":"max-snippet:-1","max-image-preview":"max-image-preview:large","max-video-preview":"max-video-preview:-1"},"canonical":"https:\/\/armin-knab-gymnasium.de\/Home\/unterricht\/fachbereiche\/gesellschaftswissenschaftlich\/wirtschaftrecht\/","og_locale":"de_DE","og_type":"article","og_title":"Wirtschaft\/Recht - Armin-Knab-Gymnasium Kitzingen","og_url":"https:\/\/armin-knab-gymnasium.de\/Home\/unterricht\/fachbereiche\/gesellschaftswissenschaftlich\/wirtschaftrecht\/","og_site_name":"Armin-Knab-Gymnasium Kitzingen","article_modified_time":"2025-04-24T12:01:54+00:00","twitter_card":"summary_large_image","twitter_misc":{"Gesch\u00e4tzte Lesezeit":"2\u00a0Minuten","Written by":"Katja Heider"},"schema":{"@context":"https:\/\/schema.org","@graph":[{"@type":"WebPage","@id":"https:\/\/armin-knab-gymnasium.de\/Home\/unterricht\/fachbereiche\/gesellschaftswissenschaftlich\/wirtschaftrecht\/","url":"https:\/\/armin-knab-gymnasium.de\/Home\/unterricht\/fachbereiche\/gesellschaftswissenschaftlich\/wirtschaftrecht\/","name":"Wirtschaft\/Recht - Armin-Knab-Gymnasium Kitzingen","isPartOf":{"@id":"https:\/\/armin-knab-gymnasium.de\/Home\/#website"},"datePublished":"2016-01-25T16:50:07+00:00","dateModified":"2025-04-24T12:01:54+00:00","breadcrumb":{"@id":"https:\/\/armin-knab-gymnasium.de\/Home\/unterricht\/fachbereiche\/gesellschaftswissenschaftlich\/wirtschaftrecht\/#breadcrumb"},"inLanguage":"de","potentialAction":[{"@type":"ReadAction","target":["https:\/\/armin-knab-gymnasium.de\/Home\/unterricht\/fachbereiche\/gesellschaftswissenschaftlich\/wirtschaftrecht\/"]}]},{"@type":"BreadcrumbList","@id":"https:\/\/armin-knab-gymnasium.de\/Home\/unterricht\/fachbereiche\/gesellschaftswissenschaftlich\/wirtschaftrecht\/#breadcrumb","itemListElement":[{"@type":"ListItem","position":1,"name":"Startseite","item":"https:\/\/armin-knab-gymnasium.de\/Home\/"},{"@type":"ListItem","position":2,"name":"Unterricht","item":"https:\/\/armin-knab-gymnasium.de\/Home\/unterricht\/"},{"@type":"ListItem","position":3,"name":"F\u00e4cher","item":"https:\/\/armin-knab-gymnasium.de\/Home\/unterricht\/fachbereiche\/"},{"@type":"ListItem","position":4,"name":"Gesellschaftswissenschaftlich","item":"https:\/\/armin-knab-gymnasium.de\/Home\/unterricht\/fachbereiche\/gesellschaftswissenschaftlich\/"},{"@type":"ListItem","position":5,"name":"Wirtschaft\/Recht"}]},{"@type":"WebSite","@id":"https:\/\/armin-knab-gymnasium.de\/Home\/#website","url":"https:\/\/armin-knab-gymnasium.de\/Home\/","name":"Armin-Knab-Gymnasium Kitzingen","description":"Naturwissenschaftlich-technologisches und sprachliches Gymnasium","publisher":{"@id":"https:\/\/armin-knab-gymnasium.de\/Home\/#organization"},"potentialAction":[{"@type":"SearchAction","target":{"@type":"EntryPoint","urlTemplate":"https:\/\/armin-knab-gymnasium.de\/Home\/?s={search_term_string}"},"query-input":{"@type":"PropertyValueSpecification","valueRequired":true,"valueName":"search_term_string"}}],"inLanguage":"de"},{"@type":"Organization","@id":"https:\/\/armin-knab-gymnasium.de\/Home\/#organization","name":"Armin-Knab-Gymnasium Kitzingen","url":"https:\/\/armin-knab-gymnasium.de\/Home\/","logo":{"@type":"ImageObject","inLanguage":"de","@id":"https:\/\/armin-knab-gymnasium.de\/Home\/#\/schema\/logo\/image\/","url":"https:\/\/armin-knab-gymnasium.de\/Home\/wp-content\/uploads\/2016\/11\/LogoIcon.png","contentUrl":"https:\/\/armin-knab-gymnasium.de\/Home\/wp-content\/uploads\/2016\/11\/LogoIcon.png","width":512,"height":512,"caption":"Armin-Knab-Gymnasium Kitzingen"},"image":{"@id":"https:\/\/armin-knab-gymnasium.de\/Home\/#\/schema\/logo\/image\/"}}]}},"publishpress_future_action":{"enabled":false,"date":"2026-05-07 07:24:20","action":"change-status","newStatus":"draft","terms":[],"taxonomy":"author","extraData":[]},"publishpress_future_workflow_manual_trigger":{"enabledWorkflows":[]},"_links":{"self":[{"href":"https:\/\/armin-knab-gymnasium.de\/Home\/wp-json\/wp\/v2\/pages\/65","targetHints":{"allow":["GET"]}}],"collection":[{"href":"https:\/\/armin-knab-gymnasium.de\/Home\/wp-json\/wp\/v2\/pages"}],"about":[{"href":"https:\/\/armin-knab-gymnasium.de\/Home\/wp-json\/wp\/v2\/types\/page"}],"author":[{"embeddable":true,"href":"https:\/\/armin-knab-gymnasium.de\/Home\/wp-json\/wp\/v2\/users\/1016"}],"replies":[{"embeddable":true,"href":"https:\/\/armin-knab-gymnasium.de\/Home\/wp-json\/wp\/v2\/comments?post=65"}],"version-history":[{"count":8,"href":"https:\/\/armin-knab-gymnasium.de\/Home\/wp-json\/wp\/v2\/pages\/65\/revisions"}],"predecessor-version":[{"id":17097,"href":"https:\/\/armin-knab-gymnasium.de\/Home\/wp-json\/wp\/v2\/pages\/65\/revisions\/17097"}],"up":[{"embeddable":true,"href":"https:\/\/armin-knab-gymnasium.de\/Home\/wp-json\/wp\/v2\/pages\/3065"}],"wp:attachment":[{"href":"https:\/\/armin-knab-gymnasium.de\/Home\/wp-json\/wp\/v2\/media?parent=65"}],"wp:term":[{"taxonomy":"author","embeddable":true,"href":"https:\/\/armin-knab-gymnasium.de\/Home\/wp-json\/wp\/v2\/coauthors?post=65"}],"curies":[{"name":"wp","href":"https:\/\/api.w.org\/{rel}","templated":true}]}}