{"id":8044,"date":"2020-04-27T10:42:36","date_gmt":"2020-04-27T08:42:36","guid":{"rendered":"http:\/\/armin-knab-gymnasium.de\/Home\/?page_id=8044"},"modified":"2021-03-08T18:22:42","modified_gmt":"2021-03-08T17:22:42","slug":"ankommen-am-akg","status":"publish","type":"page","link":"https:\/\/armin-knab-gymnasium.de\/Home\/infopool-download\/ankommen-am-akg\/","title":{"rendered":"Ankommen am AKG"},"content":{"rendered":"<p><strong>Liebe Eltern und Erziehungsberechtigte, <\/strong><strong>liebe Sch\u00fclerinnen und Sch\u00fcler,<\/strong><\/p>\n<p>sch\u00f6n, dass Sie sich zusammen mit Ihrem Kind f\u00fcr unsere Schule entschieden haben.<\/p>\n<p>Mit diesen Willkommensinformationen m\u00f6chten wir den \u00dcbertritt ans AKG f\u00fcr Ihr Kind und Sie so einfach wie m\u00f6glich gestalten und den Grundstein f\u00fcr eine gute Zusammenarbeit zwischen Elternhaus und Schule legen. Wir geben Ihnen hier wichtige Hinweise, die Ihrem Kind, Ihnen und uns den Schulalltag erleichtern. Folgende Themen haben wir zusammengestellt:<\/p>\n<ul class=\"su-subpages\"><li class=\"page_item page-item-8054\"><a href=\"https:\/\/armin-knab-gymnasium.de\/Home\/infopool-download\/ankommen-am-akg\/ansprechpartner-und-kontakte\/\">Ansprechpartner und Kontakte<\/a><\/li>\n<li class=\"page_item page-item-8056\"><a href=\"https:\/\/armin-knab-gymnasium.de\/Home\/infopool-download\/ankommen-am-akg\/unser-zusammenleben\/\">Unser Zusammenleben und OGS<\/a><\/li>\n<li class=\"page_item page-item-8058\"><a href=\"https:\/\/armin-knab-gymnasium.de\/Home\/infopool-download\/ankommen-am-akg\/die-ersten-schultage-am-akg-unterrichtsbeginn\/\">Die ersten Schultage am AKG: Unterrichtsbeginn<\/a><\/li>\n<li class=\"page_item page-item-8057\"><a href=\"https:\/\/armin-knab-gymnasium.de\/Home\/infopool-download\/ankommen-am-akg\/einkaufliste-schreibmaterialien-und-listen\/\">Einkaufsliste<\/a><\/li>\n<li class=\"page_item page-item-8059\"><a href=\"https:\/\/armin-knab-gymnasium.de\/Home\/infopool-download\/ankommen-am-akg\/die-fahrt-mit-dem-schulbus\/\">Die Fahrt mit dem Schulbus<\/a><\/li>\n<li class=\"page_item page-item-8060\"><a href=\"https:\/\/armin-knab-gymnasium.de\/Home\/infopool-download\/ankommen-am-akg\/ich-bin-krank-was-tun\/\">Ich bin krank! &#8211; Was tun?<\/a><\/li>\n<\/ul>\n<p>Wir w\u00fcnschen Ihnen, trotz der besonderen Zeiten, alles Gute f\u00fcr die letzten Wochen und Monate dieses Schuljahres, erholsame Sommerferien und bereits jetzt schon einen gelungenen Start in das erste Jahr am Armin-Knab-Gymnasium.<\/p>\n<p>Wir freuen uns auf euch, liebe Sch\u00fclerinnen und Sch\u00fcler!<\/p>\n","protected":false},"excerpt":{"rendered":"<p>Liebe Eltern und Erziehungsberechtigte, liebe Sch\u00fclerinnen und Sch\u00fcler, sch\u00f6n, dass Sie sich zusammen mit Ihrem Kind f\u00fcr unsere Schule entschieden haben. Mit diesen Willkommensinformationen m\u00f6chten wir den \u00dcbertritt ans AKG&#8230; <a href=\"https:\/\/armin-knab-gymnasium.de\/Home\/infopool-download\/ankommen-am-akg\/\">weiterlesen &raquo;<\/a><\/p>\n","protected":false},"author":3,"featured_media":0,"parent":255,"menu_order":4,"comment_status":"closed","ping_status":"closed","template":"","meta":{"ghostkit_customizer_options":"","ghostkit_custom_css":"","ghostkit_custom_js_head":"","ghostkit_custom_js_foot":"","ghostkit_typography":"","footnotes":""},"coauthors":[35],"class_list":["post-8044","page","type-page","status-publish","hentry"],"yoast_head":"<!-- This site is optimized with the Yoast SEO plugin v27.4 - https:\/\/yoast.com\/product\/yoast-seo-wordpress\/ -->\n<title>Ankommen am AKG - Armin-Knab-Gymnasium Kitzingen<\/title>\n<meta name=\"robots\" content=\"index, follow, max-snippet:-1, max-image-preview:large, max-video-preview:-1\" \/>\n<link rel=\"canonical\" href=\"https:\/\/armin-knab-gymnasium.de\/Home\/infopool-download\/ankommen-am-akg\/\" \/>\n<meta property=\"og:locale\" content=\"de_DE\" \/>\n<meta property=\"og:type\" content=\"article\" \/>\n<meta property=\"og:title\" content=\"Ankommen am AKG - Armin-Knab-Gymnasium Kitzingen\" \/>\n<meta property=\"og:description\" content=\"Liebe Eltern und Erziehungsberechtigte, liebe Sch\u00fclerinnen und Sch\u00fcler, sch\u00f6n, dass Sie sich zusammen mit Ihrem Kind f\u00fcr unsere Schule entschieden haben. Mit diesen Willkommensinformationen m\u00f6chten wir den \u00dcbertritt ans AKG... weiterlesen &raquo;\" \/>\n<meta property=\"og:url\" content=\"https:\/\/armin-knab-gymnasium.de\/Home\/infopool-download\/ankommen-am-akg\/\" \/>\n<meta property=\"og:site_name\" content=\"Armin-Knab-Gymnasium Kitzingen\" \/>\n<meta property=\"article:modified_time\" content=\"2021-03-08T17:22:42+00:00\" \/>\n<meta name=\"twitter:card\" content=\"summary_large_image\" \/>\n<meta name=\"twitter:label1\" content=\"Gesch\u00e4tzte Lesezeit\" \/>\n\t<meta name=\"twitter:data1\" content=\"1\u00a0Minute\" \/>\n\t<meta name=\"twitter:label2\" content=\"Written by\" \/>\n\t<meta name=\"twitter:data2\" content=\"Bert Eitschberger\" \/>\n<script type=\"application\/ld+json\" class=\"yoast-schema-graph\">{\"@context\":\"https:\\\/\\\/schema.org\",\"@graph\":[{\"@type\":\"WebPage\",\"@id\":\"https:\\\/\\\/armin-knab-gymnasium.de\\\/Home\\\/infopool-download\\\/ankommen-am-akg\\\/\",\"url\":\"https:\\\/\\\/armin-knab-gymnasium.de\\\/Home\\\/infopool-download\\\/ankommen-am-akg\\\/\",\"name\":\"Ankommen am AKG - Armin-Knab-Gymnasium Kitzingen\",\"isPartOf\":{\"@id\":\"https:\\\/\\\/armin-knab-gymnasium.de\\\/Home\\\/#website\"},\"datePublished\":\"2020-04-27T08:42:36+00:00\",\"dateModified\":\"2021-03-08T17:22:42+00:00\",\"breadcrumb\":{\"@id\":\"https:\\\/\\\/armin-knab-gymnasium.de\\\/Home\\\/infopool-download\\\/ankommen-am-akg\\\/#breadcrumb\"},\"inLanguage\":\"de\",\"potentialAction\":[{\"@type\":\"ReadAction\",\"target\":[\"https:\\\/\\\/armin-knab-gymnasium.de\\\/Home\\\/infopool-download\\\/ankommen-am-akg\\\/\"]}]},{\"@type\":\"BreadcrumbList\",\"@id\":\"https:\\\/\\\/armin-knab-gymnasium.de\\\/Home\\\/infopool-download\\\/ankommen-am-akg\\\/#breadcrumb\",\"itemListElement\":[{\"@type\":\"ListItem\",\"position\":1,\"name\":\"Startseite\",\"item\":\"https:\\\/\\\/armin-knab-gymnasium.de\\\/Home\\\/\"},{\"@type\":\"ListItem\",\"position\":2,\"name\":\"Informationen\",\"item\":\"https:\\\/\\\/armin-knab-gymnasium.de\\\/Home\\\/infopool-download\\\/\"},{\"@type\":\"ListItem\",\"position\":3,\"name\":\"Ankommen am AKG\"}]},{\"@type\":\"WebSite\",\"@id\":\"https:\\\/\\\/armin-knab-gymnasium.de\\\/Home\\\/#website\",\"url\":\"https:\\\/\\\/armin-knab-gymnasium.de\\\/Home\\\/\",\"name\":\"Armin-Knab-Gymnasium Kitzingen\",\"description\":\"Naturwissenschaftlich-technologisches und sprachliches Gymnasium\",\"publisher\":{\"@id\":\"https:\\\/\\\/armin-knab-gymnasium.de\\\/Home\\\/#organization\"},\"potentialAction\":[{\"@type\":\"SearchAction\",\"target\":{\"@type\":\"EntryPoint\",\"urlTemplate\":\"https:\\\/\\\/armin-knab-gymnasium.de\\\/Home\\\/?s={search_term_string}\"},\"query-input\":{\"@type\":\"PropertyValueSpecification\",\"valueRequired\":true,\"valueName\":\"search_term_string\"}}],\"inLanguage\":\"de\"},{\"@type\":\"Organization\",\"@id\":\"https:\\\/\\\/armin-knab-gymnasium.de\\\/Home\\\/#organization\",\"name\":\"Armin-Knab-Gymnasium Kitzingen\",\"url\":\"https:\\\/\\\/armin-knab-gymnasium.de\\\/Home\\\/\",\"logo\":{\"@type\":\"ImageObject\",\"inLanguage\":\"de\",\"@id\":\"https:\\\/\\\/armin-knab-gymnasium.de\\\/Home\\\/#\\\/schema\\\/logo\\\/image\\\/\",\"url\":\"https:\\\/\\\/armin-knab-gymnasium.de\\\/Home\\\/wp-content\\\/uploads\\\/2016\\\/11\\\/LogoIcon.png\",\"contentUrl\":\"https:\\\/\\\/armin-knab-gymnasium.de\\\/Home\\\/wp-content\\\/uploads\\\/2016\\\/11\\\/LogoIcon.png\",\"width\":512,\"height\":512,\"caption\":\"Armin-Knab-Gymnasium Kitzingen\"},\"image\":{\"@id\":\"https:\\\/\\\/armin-knab-gymnasium.de\\\/Home\\\/#\\\/schema\\\/logo\\\/image\\\/\"}}]}<\/script>\n<!-- \/ Yoast SEO plugin. -->","yoast_head_json":{"title":"Ankommen am AKG - Armin-Knab-Gymnasium Kitzingen","robots":{"index":"index","follow":"follow","max-snippet":"max-snippet:-1","max-image-preview":"max-image-preview:large","max-video-preview":"max-video-preview:-1"},"canonical":"https:\/\/armin-knab-gymnasium.de\/Home\/infopool-download\/ankommen-am-akg\/","og_locale":"de_DE","og_type":"article","og_title":"Ankommen am AKG - Armin-Knab-Gymnasium Kitzingen","og_description":"Liebe Eltern und Erziehungsberechtigte, liebe Sch\u00fclerinnen und Sch\u00fcler, sch\u00f6n, dass Sie sich zusammen mit Ihrem Kind f\u00fcr unsere Schule entschieden haben. Mit diesen Willkommensinformationen m\u00f6chten wir den \u00dcbertritt ans AKG... weiterlesen &raquo;","og_url":"https:\/\/armin-knab-gymnasium.de\/Home\/infopool-download\/ankommen-am-akg\/","og_site_name":"Armin-Knab-Gymnasium Kitzingen","article_modified_time":"2021-03-08T17:22:42+00:00","twitter_card":"summary_large_image","twitter_misc":{"Gesch\u00e4tzte Lesezeit":"1\u00a0Minute","Written by":"Bert Eitschberger"},"schema":{"@context":"https:\/\/schema.org","@graph":[{"@type":"WebPage","@id":"https:\/\/armin-knab-gymnasium.de\/Home\/infopool-download\/ankommen-am-akg\/","url":"https:\/\/armin-knab-gymnasium.de\/Home\/infopool-download\/ankommen-am-akg\/","name":"Ankommen am AKG - Armin-Knab-Gymnasium Kitzingen","isPartOf":{"@id":"https:\/\/armin-knab-gymnasium.de\/Home\/#website"},"datePublished":"2020-04-27T08:42:36+00:00","dateModified":"2021-03-08T17:22:42+00:00","breadcrumb":{"@id":"https:\/\/armin-knab-gymnasium.de\/Home\/infopool-download\/ankommen-am-akg\/#breadcrumb"},"inLanguage":"de","potentialAction":[{"@type":"ReadAction","target":["https:\/\/armin-knab-gymnasium.de\/Home\/infopool-download\/ankommen-am-akg\/"]}]},{"@type":"BreadcrumbList","@id":"https:\/\/armin-knab-gymnasium.de\/Home\/infopool-download\/ankommen-am-akg\/#breadcrumb","itemListElement":[{"@type":"ListItem","position":1,"name":"Startseite","item":"https:\/\/armin-knab-gymnasium.de\/Home\/"},{"@type":"ListItem","position":2,"name":"Informationen","item":"https:\/\/armin-knab-gymnasium.de\/Home\/infopool-download\/"},{"@type":"ListItem","position":3,"name":"Ankommen am AKG"}]},{"@type":"WebSite","@id":"https:\/\/armin-knab-gymnasium.de\/Home\/#website","url":"https:\/\/armin-knab-gymnasium.de\/Home\/","name":"Armin-Knab-Gymnasium Kitzingen","description":"Naturwissenschaftlich-technologisches und sprachliches Gymnasium","publisher":{"@id":"https:\/\/armin-knab-gymnasium.de\/Home\/#organization"},"potentialAction":[{"@type":"SearchAction","target":{"@type":"EntryPoint","urlTemplate":"https:\/\/armin-knab-gymnasium.de\/Home\/?s={search_term_string}"},"query-input":{"@type":"PropertyValueSpecification","valueRequired":true,"valueName":"search_term_string"}}],"inLanguage":"de"},{"@type":"Organization","@id":"https:\/\/armin-knab-gymnasium.de\/Home\/#organization","name":"Armin-Knab-Gymnasium Kitzingen","url":"https:\/\/armin-knab-gymnasium.de\/Home\/","logo":{"@type":"ImageObject","inLanguage":"de","@id":"https:\/\/armin-knab-gymnasium.de\/Home\/#\/schema\/logo\/image\/","url":"https:\/\/armin-knab-gymnasium.de\/Home\/wp-content\/uploads\/2016\/11\/LogoIcon.png","contentUrl":"https:\/\/armin-knab-gymnasium.de\/Home\/wp-content\/uploads\/2016\/11\/LogoIcon.png","width":512,"height":512,"caption":"Armin-Knab-Gymnasium Kitzingen"},"image":{"@id":"https:\/\/armin-knab-gymnasium.de\/Home\/#\/schema\/logo\/image\/"}}]}},"publishpress_future_action":{"enabled":false,"date":"2026-04-22 01:14:31","action":"change-status","newStatus":"draft","terms":[],"taxonomy":"author","extraData":[]},"publishpress_future_workflow_manual_trigger":{"enabledWorkflows":[]},"_links":{"self":[{"href":"https:\/\/armin-knab-gymnasium.de\/Home\/wp-json\/wp\/v2\/pages\/8044","targetHints":{"allow":["GET"]}}],"collection":[{"href":"https:\/\/armin-knab-gymnasium.de\/Home\/wp-json\/wp\/v2\/pages"}],"about":[{"href":"https:\/\/armin-knab-gymnasium.de\/Home\/wp-json\/wp\/v2\/types\/page"}],"author":[{"embeddable":true,"href":"https:\/\/armin-knab-gymnasium.de\/Home\/wp-json\/wp\/v2\/users\/3"}],"replies":[{"embeddable":true,"href":"https:\/\/armin-knab-gymnasium.de\/Home\/wp-json\/wp\/v2\/comments?post=8044"}],"version-history":[{"count":3,"href":"https:\/\/armin-knab-gymnasium.de\/Home\/wp-json\/wp\/v2\/pages\/8044\/revisions"}],"predecessor-version":[{"id":8066,"href":"https:\/\/armin-knab-gymnasium.de\/Home\/wp-json\/wp\/v2\/pages\/8044\/revisions\/8066"}],"up":[{"embeddable":true,"href":"https:\/\/armin-knab-gymnasium.de\/Home\/wp-json\/wp\/v2\/pages\/255"}],"wp:attachment":[{"href":"https:\/\/armin-knab-gymnasium.de\/Home\/wp-json\/wp\/v2\/media?parent=8044"}],"wp:term":[{"taxonomy":"author","embeddable":true,"href":"https:\/\/armin-knab-gymnasium.de\/Home\/wp-json\/wp\/v2\/coauthors?post=8044"}],"curies":[{"name":"wp","href":"https:\/\/api.w.org\/{rel}","templated":true}]}}